{"id":257,"date":"2011-09-14T17:04:21","date_gmt":"2011-09-14T15:04:21","guid":{"rendered":"http:\/\/www3.unil.ch\/wpmu\/caverne\/?page_id=257"},"modified":"2014-04-12T11:52:46","modified_gmt":"2014-04-12T09:52:46","slug":"seminaires-rattaches","status":"publish","type":"page","link":"https:\/\/www.asso-unil.ch\/caverne\/banquets\/programme-et-evenements\/programme-2011-2012\/bienvenu-du-semestre-de-printemps-2011\/seminaires-rattaches\/","title":{"rendered":"Offre acad\u00e9mique (SP11)"},"content":{"rendered":"<p style=\"text-align: justify\">Pour donner des bases th\u00e9oriques aux \u00e9tudiant-e-s int\u00e9ress\u00e9-e-s, les deux s\u00e9minaires suivants sont offerts au SP 2011 :<\/p>\n<p style=\"text-align: justify\">1. <span style=\"color: #339966\"><span style=\"color: #999999\">Le s\u00e9minaire sur<\/span> <em>La Po\u00e9tique <\/em>d&rsquo;Aristote<\/span> (par Michael Groneberg) introduit \u00e0 la r\u00e9flexion sur l&rsquo;art de l&rsquo;\u00e9criture dramatique et des mises en sc\u00e8ne depuis le texte fondamental d&rsquo;Aristote.<\/p>\n<p style=\"text-align: justify\">2. Dans le s\u00e9minaire <span style=\"color: #339966\">\u00ab\u00a0Entre Fiction et Histoire \u00bb<\/span>\u00a0(par Alexandrine Schniewind et Michael Groneberg), des repr\u00e9sentants de plusieurs disciplines discutent les mises en sc\u00e8ne de figures classiques (Socrate, Diotime, P\u00e9ricl\u00e8s et autres) par les philosophes, historiens et po\u00e8tes depuis l&rsquo;Antiquit\u00e9 jusqu&rsquo;\u00e0 nos jours. <span style=\"color: #3366ff\"><a title=\"Entre fiction et histoire\" href=\"https:\/\/www3.unil.ch\/wpmu\/caverne\/2011\/03\/la-mise-en-scene-des-figures-antiques-entre-fiction-et-histoire\/\"><span style=\"color: #3366ff\">(Annonce de la journ\u00e9e du 1er avril)<\/span><\/a><\/span>\u00a0<span style=\"color: #3366ff\"><a title=\"R\u00e9sum\u00e9s des interventions\" href=\"https:\/\/www3.unil.ch\/wpmu\/caverne\/archive\/entre-fiction-et-histoire\/resumes-des-interventions\/\"><span style=\"color: #3366ff\">(R\u00e9sum\u00e9s des interventions du 1er avril)<\/span><\/a><\/span><\/p>\n<p><span style=\"color: #339966\"><em>Programme et dates des premi\u00e8res s\u00e9ances<\/em><\/span><\/p>\n<div>\n<table width=\"632\" border=\"1\" cellspacing=\"0\" cellpadding=\"0\">\n<tbody>\n<tr>\n<td valign=\"top\" width=\"57\">S\u00e9m. <em>Po\u00e9tique<\/em><\/td>\n<td valign=\"top\" width=\"58\">jeudi de la rentr\u00e9e, 10-12h<\/td>\n<td valign=\"top\" width=\"324\">\u00ab\u00a0La <em>Po\u00e9tique<\/em> d\u2019Aristote\u00a0\u00bb<\/td>\n<td valign=\"top\" width=\"193\">Michael Groneberg<\/td>\n<\/tr>\n<tr>\n<td valign=\"top\" width=\"57\">S\u00e9m. Fiction &amp; Histoire<\/td>\n<td valign=\"top\" width=\"58\">25 f\u00e9vrier, 13-18h<\/td>\n<td valign=\"top\" width=\"324\">S\u00e9ance d&rsquo;introduction du s\u00e9minaire bloc \u00ab\u00a0Entre fiction et histoire\u00a0\u00bb.<\/td>\n<td valign=\"top\" width=\"193\">Michael Groneberg, Alexandrine Schniewind, Rapha\u00ebl C\u00e9lis, Romain Bionda, Vincent Laughery<\/td>\n<\/tr>\n<\/tbody>\n<\/table>\n<\/div>\n","protected":false},"excerpt":{"rendered":"<p>Pour donner des bases th\u00e9oriques aux \u00e9tudiant-e-s int\u00e9ress\u00e9-e-s, les deux s\u00e9minaires suivants sont offerts au SP 2011 : 1. Le s\u00e9minaire sur La Po\u00e9tique d&rsquo;Aristote (par Michael Groneberg) introduit \u00e0 [&hellip;]<\/p>\n","protected":false},"author":27,"featured_media":0,"parent":204,"menu_order":2,"comment_status":"closed","ping_status":"closed","template":"","meta":{"_seopress_robots_primary_cat":"","_seopress_titles_title":"","_seopress_titles_desc":"","_seopress_robots_index":"","footnotes":""},"class_list":["post-257","page","type-page","status-publish"],"_links":{"self":[{"href":"https:\/\/www.asso-unil.ch\/caverne\/wp-json\/wp\/v2\/pages\/257","targetHints":{"allow":["GET"]}}],"collection":[{"href":"https:\/\/www.asso-unil.ch\/caverne\/wp-json\/wp\/v2\/pages"}],"about":[{"href":"https:\/\/www.asso-unil.ch\/caverne\/wp-json\/wp\/v2\/types\/page"}],"author":[{"embeddable":true,"href":"https:\/\/www.asso-unil.ch\/caverne\/wp-json\/wp\/v2\/users\/27"}],"replies":[{"embeddable":true,"href":"https:\/\/www.asso-unil.ch\/caverne\/wp-json\/wp\/v2\/comments?post=257"}],"version-history":[{"count":0,"href":"https:\/\/www.asso-unil.ch\/caverne\/wp-json\/wp\/v2\/pages\/257\/revisions"}],"up":[{"embeddable":true,"href":"https:\/\/www.asso-unil.ch\/caverne\/wp-json\/wp\/v2\/pages\/204"}],"wp:attachment":[{"href":"https:\/\/www.asso-unil.ch\/caverne\/wp-json\/wp\/v2\/media?parent=257"}],"curies":[{"name":"wp","href":"https:\/\/api.w.org\/{rel}","templated":true}]}}

Offre académique (SP11)

<p style="text-align: justify">Pour donner des bases théoriques aux étudiant-e-s intéressé-e-s, les deux séminaires suivants sont offerts au SP 2011 :</p>
<p style="text-align: justify">1. <span style="color: #339966"><span style="color: #999999">Le séminaire sur</span> <em>La Poétique </em>d&rsquo;Aristote</span> (par Michael Groneberg) introduit à la réflexion sur l&rsquo;art de l&rsquo;écriture dramatique et des mises en scène depuis le texte fondamental d&rsquo;Aristote.</p>
<p style="text-align: justify">2. Dans le séminaire <span style="color: #339966">« Entre Fiction et Histoire »</span> (par Alexandrine Schniewind et Michael Groneberg), des représentants de plusieurs disciplines discutent les mises en scène de figures classiques (Socrate, Diotime, Périclès et autres) par les philosophes, historiens et poètes depuis l&rsquo;Antiquité jusqu&rsquo;à nos jours. <span style="color: #3366ff"><a title="Entre fiction et histoire" href="https://www3.unil.ch/wpmu/caverne/2011/03/la-mise-en-scene-des-figures-antiques-entre-fiction-et-histoire/"><span style="color: #3366ff">(Annonce de la journée du 1er avril)</span></a></span> <span style="color: #3366ff"><a title="Résumés des interventions" href="https://www3.unil.ch/wpmu/caverne/archive/entre-fiction-et-histoire/resumes-des-interventions/"><span style="color: #3366ff">(Résumés des interventions du 1er avril)</span></a></span></p>
<p><span style="color: #339966"><em>Programme et dates des premières séances</em></span></p>
<div>
<table width="632" border="1" cellspacing="0" cellpadding="0">
<tbody>
<tr>
<td valign="top" width="57">Sém. <em>Poétique</em></td>
<td valign="top" width="58">jeudi de la rentrée, 10-12h</td>
<td valign="top" width="324">« La <em>Poétique</em> d’Aristote »</td>
<td valign="top" width="193">Michael Groneberg</td>
</tr>
<tr>
<td valign="top" width="57">Sém. Fiction &amp; Histoire</td>
<td valign="top" width="58">25 février, 13-18h</td>
<td valign="top" width="324">Séance d&rsquo;introduction du séminaire bloc « Entre fiction et histoire ».</td>
<td valign="top" width="193">Michael Groneberg, Alexandrine Schniewind, Raphaël Célis, Romain Bionda, Vincent Laughery</td>
</tr>
</tbody>
</table>
</div>

<p>Pour donner des bases théoriques aux étudiant-e-s intéressé-e-s, les deux séminaires suivants sont offerts au SP 2011 : 1. Le séminaire sur La Poétique d&rsquo;Aristote (par Michael Groneberg) introduit à [&hellip;]</p>
