{"id":2448,"date":"2014-01-14T13:36:27","date_gmt":"2014-01-14T12:36:27","guid":{"rendered":"http:\/\/www.asso-unil.ch\/caverne\/?page_id=2448"},"modified":"2014-09-27T11:50:17","modified_gmt":"2014-09-27T09:50:17","slug":"23-jan","status":"publish","type":"page","link":"https:\/\/www.asso-unil.ch\/caverne\/banquets\/banquets\/23-jan\/","title":{"rendered":"Banquet du 23 janvier 2014, Discussions autour des projets"},"content":{"rendered":"<p style=\"text-align: justify\">Les \u00e9motions de ce d\u00e9but d&rsquo;ann\u00e9e sont nombreuses. Entre ateliers avec des professionnels du monde artistique, remise des dossiers de candidature pour <a href=\"https:\/\/www3.unil.ch\/wpmu\/fecule\/\">le Festival F\u00e9cule<\/a>, et r\u00e9flexions autour de la sc\u00e9nographie, du d\u00e9cor et de l\u2019utilisation de l\u2019espace, difficile de trouver le temps de se d\u00e9tendre. Les Ma\u00eetres de la Caverne ont donc pris le temps de vous organiser un petit banquet expr\u00e8s pour \u00e7a\u00a0!<\/p>\n<p style=\"text-align: justify\">Le banquet du jeudi 23 janvier \u00e0 18h au Foyer du Th\u00e9\u00e2tre La Grange de Dorigny se veut sans programme. L&rsquo;essentiel est de partager un d\u00e9licieux moment en parlant de l&rsquo;avanc\u00e9e des projets pour le F\u00e9cule et pour l&rsquo;\u0152uvre 23. Si vous avez quelque chose de sp\u00e9cifique \u00e0 pr\u00e9senter, pr\u00e9venez-nous par mail \u00e0 info-caverne@unil.ch.<\/p>\n<p style=\"text-align: justify\">Comme souvent, le banquet est canadien. Amenez quelque chose \u00e0 manger ou \u00e0 boire pour rendre le festin encore plus succulent !<\/p>\n<p>&nbsp;<\/p>\n","protected":false},"excerpt":{"rendered":"<p>Les \u00e9motions de ce d\u00e9but d&rsquo;ann\u00e9e sont nombreuses. Entre ateliers avec des professionnels du monde artistique, remise des dossiers de candidature pour le Festival F\u00e9cule, et r\u00e9flexions autour de la [&hellip;]<\/p>\n","protected":false},"author":27,"featured_media":0,"parent":1274,"menu_order":5,"comment_status":"open","ping_status":"closed","template":"","meta":{"_seopress_robots_primary_cat":"","_seopress_titles_title":"","_seopress_titles_desc":"","_seopress_robots_index":"","footnotes":""},"class_list":["post-2448","page","type-page","status-publish"],"_links":{"self":[{"href":"https:\/\/www.asso-unil.ch\/caverne\/wp-json\/wp\/v2\/pages\/2448","targetHints":{"allow":["GET"]}}],"collection":[{"href":"https:\/\/www.asso-unil.ch\/caverne\/wp-json\/wp\/v2\/pages"}],"about":[{"href":"https:\/\/www.asso-unil.ch\/caverne\/wp-json\/wp\/v2\/types\/page"}],"author":[{"embeddable":true,"href":"https:\/\/www.asso-unil.ch\/caverne\/wp-json\/wp\/v2\/users\/27"}],"replies":[{"embeddable":true,"href":"https:\/\/www.asso-unil.ch\/caverne\/wp-json\/wp\/v2\/comments?post=2448"}],"version-history":[{"count":0,"href":"https:\/\/www.asso-unil.ch\/caverne\/wp-json\/wp\/v2\/pages\/2448\/revisions"}],"up":[{"embeddable":true,"href":"https:\/\/www.asso-unil.ch\/caverne\/wp-json\/wp\/v2\/pages\/1274"}],"wp:attachment":[{"href":"https:\/\/www.asso-unil.ch\/caverne\/wp-json\/wp\/v2\/media?parent=2448"}],"curies":[{"name":"wp","href":"https:\/\/api.w.org\/{rel}","templated":true}]}}

<p style="text-align: justify">Les émotions de ce début d&rsquo;année sont nombreuses. Entre ateliers avec des professionnels du monde artistique, remise des dossiers de candidature pour <a href="https://www3.unil.ch/wpmu/fecule/">le Festival Fécule</a>, et réflexions autour de la scénographie, du décor et de l’utilisation de l’espace, difficile de trouver le temps de se détendre. Les Maîtres de la Caverne ont donc pris le temps de vous organiser un petit banquet exprès pour ça !</p>
<p style="text-align: justify">Le banquet du jeudi 23 janvier à 18h au Foyer du Théâtre La Grange de Dorigny se veut sans programme. L&rsquo;essentiel est de partager un délicieux moment en parlant de l&rsquo;avancée des projets pour le Fécule et pour l&rsquo;Œuvre 23. Si vous avez quelque chose de spécifique à présenter, prévenez-nous par mail à info-caverne@unil.ch.</p>
<p style="text-align: justify">Comme souvent, le banquet est canadien. Amenez quelque chose à manger ou à boire pour rendre le festin encore plus succulent !</p>
<p>&nbsp;</p>

<p>Les émotions de ce début d&rsquo;année sont nombreuses. Entre ateliers avec des professionnels du monde artistique, remise des dossiers de candidature pour le Festival Fécule, et réflexions autour de la [&hellip;]</p>
