{"id":2175,"date":"2013-11-13T10:53:21","date_gmt":"2013-11-13T09:53:21","guid":{"rendered":"http:\/\/www.asso-unil.ch\/caverne\/?page_id=2175"},"modified":"2014-09-27T11:56:20","modified_gmt":"2014-09-27T09:56:20","slug":"concretisation","status":"publish","type":"page","link":"https:\/\/www.asso-unil.ch\/caverne\/archive\/regards\/concretisation\/","title":{"rendered":"Concr\u00e9tisation: Regards l\u00e9maniques"},"content":{"rendered":"<p style=\"text-align: center\"><span style=\"color: #0000ff\">&#8212;&#8212;&#8212;&#8212;&#8212;&#8212;&#8212;&#8212;&#8212;&#8212;&#8212;&#8212;&#8212;&#8212;&#8212;&#8212;&#8212;&#8212;&#8212;&#8212;&#8212;&#8212;&#8212;&#8212;&#8212;&#8212;&#8212;&#8212;&#8212;&#8212;&#8212;&#8212;&#8212;&#8212;&#8212;&#8212;&#8212;&#8212;&#8212;&#8212;&#8212;&#8212;&#8212;&#8212;&#8212;&#8212;&#8212;<\/span><br \/>\n<span style=\"color: #0000ff\"> Une plateforme interactive pour les travaux en cours se trouve sur moodle2.unil.ch &gt; facult\u00e9 des Lettres &gt; section de philosophie sous le nom MdC Projet Chillon &gt; acc\u00e8s par notre chiffre magique 23<\/span><br \/>\n<span style=\"color: #0000ff\"> &#8212;&#8212;&#8212;&#8212;&#8212;&#8212;&#8212;&#8212;&#8212;&#8212;&#8212;&#8212;&#8212;&#8212;&#8212;&#8212;&#8212;&#8212;&#8212;&#8212;&#8212;&#8212;&#8212;&#8212;&#8212;&#8212;&#8212;&#8212;&#8212;&#8212;&#8212;&#8212;&#8212;&#8212;&#8212;&#8212;&#8212;&#8212;&#8212;&#8212;&#8212;&#8212;&#8212;&#8212;&#8212;&#8212;&#8212;<\/span><\/p>\n<p><b><i>La recherche<\/i><\/b><\/p>\n<ul>\n<li><i>Regards L\u00e9maniques<\/i> est une <b>cr\u00e9ation co<\/b>mmun<b>e<\/b> des \u00e9tudiants de l\u2019Unil, encadr\u00e9 par leurs professeurs.<\/li>\n<li>Elle sera compos\u00e9e de cr\u00e9ations individuelles qui r\u00e9sultent de <b>collaborations initi\u00e9es par un-e \u00e9tudiant-e ou un groupe d\u2019\u00e9tudiant-e-s avec un-e enseignant-e de l\u2019U<\/b>NIL, ou initi\u00e9s par un-e ou plusieurs enseignant-e-s de l\u2019Unil avec des \u00e9tudiant-e-s.<\/li>\n<li>Dans le cas id\u00e9al, <b>l\u2019enseignant-e est<\/b> <b>expert-e de l\u2019artiste<\/b> et <b>transmettra ses connaissances<\/b> aux \u00e9tudiant-e-s.<\/li>\n<li>Les \u00e9tudiant-e-s de t<b>outes les facult\u00e9s<\/b><b> <\/b>de l\u2019Unil sont invit\u00e9es \u00e0 participer<b>.<\/b><\/li>\n<li>Les professeur-e-s peuvent accepter la cr\u00e9ation comme partie d\u2019un travail recevable en <b>cr\u00e9dits ECTS<\/b> si l\u2019\u00e9tudiant suit un cours ou s\u00e9minaire qui porte au moins en partie sur l\u2019auteur en question.<\/li>\n<li><b>Le travail de cr\u00e9ation<\/b> sera<b> accompagn\u00e9 et coordonn\u00e9 par <i>Les Ma\u00eetres de la Caverne<\/i><\/b>.<\/li>\n<li>Afin de permettre une <b>cr\u00e9ation non seulement collective mais commune<\/b> et pour assurer une certaine qualit\u00e9 des cr\u00e9ations, les participant-e-s devront <b>suivre<\/b> <b>l\u2019encadrement offert par <i>Les Ma\u00eetres de la Caverne<\/i><\/b> (communication aux autres participant-e-s, de l\u2019\u00e9tat et du futur de la cr\u00e9ation en cours\u00a0\u2013 en ligne et lors de r\u00e9unions\u00a0; participation aux r\u00e9unions\u00a0; observation des dates limites\u00a0; etc.).<\/li>\n<\/ul>\n<p><b><i>La cr\u00e9ation<\/i><\/b><\/p>\n<p>Contenu\u00a0:<\/p>\n<ul>\n<li>Chaque cr\u00e9ation <b>prend son d\u00e9part avec un-e artiste ayant<\/b>\u00a0r\u00e9sid\u00e9 autour du Lac L\u00e9man<b>\u00a0 \u2013 ou plusieurs<\/b> (il est bienvenu de th\u00e9matiser ou cr\u00e9er des liens entre eux).<\/li>\n<li>Il est souhaitable (mais pas n\u00e9cessaire) de faire figurer la <b>relation entre l\u2019artiste et le ch\u00e2teau (portrait du ch\u00e2teau au mur d\u2019une chambre de Walser) ou bien le moment de visite<\/b> et ce qui a occup\u00e9 l&rsquo;artiste en ce moment (retraite en montagne de Tolsto\u00ef apr\u00e8s le choc de la guillotine \u00e0 Paris r\u00e9volutionnaire\u00a0; passion pour la voile de Byron\u00a0; inspiration d\u2019\u00e9crire des histoires d\u2019horreur entre Byron, Polidori et les Shelleys ; d\u00e9sespoir et espoir de Nietzsche etc.)<\/li>\n<li>L\u2019artiste est soit mentionn\u00e9 sur la liste pr\u00e9\u00e9tablie, soit son <b>lien avec le ch\u00e2teau et sa r\u00e9gion<\/b> est \u00e0 d\u00e9montrer.<\/li>\n<li><b>Les moyens d\u2019expression sont libres<\/b>. Les pages pour la publication ne sont pas cens\u00e9es avoir une forme scientifique, acad\u00e9mique ou documentaire. Les \u00e9l\u00e9ments scientifiques, acad\u00e9miques et documentaires entrent dans le processus de recherche et du passage du savoir des professeur-e-s aux \u00e9tudiant-e-s, et leur utilisation dans les produits finaux demeure bien s\u00fbr possible.<\/li>\n<\/ul>\n<p>Format publication\u00a0:<\/p>\n<ul>\n<li>La publication pr\u00e9sente les r\u00e9sultats de recherche des \u00e9tudiants sous une forme libre et sous responsabilit\u00e9 scientifique de leurs professeurs. Sont permis <b>texte et images<\/b> (probablement en noir et blanc) et un lien (sous forme de QRCode) sur un site avec la vid\u00e9o.<\/li>\n<li>Les d\u00e9tails sont d\u00e9crits dans un fichier s\u00e9par\u00e9<\/li>\n<\/ul>\n<p>Format\u00a0vid\u00e9o (les cr\u00e9ations peuvent \u00eatre pr\u00e9sent\u00e9es sous cette forme) :<\/p>\n<ul>\n<li>Un <b>soutien \u00e0 la pr\u00e9paration de vid\u00e9os<\/b> sera organis\u00e9 par <i>Les Ma\u00eetres de la Caverne<\/i>.<\/li>\n<li>Les images de toutes les vid\u00e9os seront <b>projet\u00e9es simultan\u00e9ment<\/b> (par un seul projecteur) <b>pour former une mosa\u00efque<\/b> (p.ex. de 400 pi\u00e8ces taille DIN A4 ou de 100 pi\u00e8ces DIN A1) sur une toile d\u2019environ 5m50 x 3m devant le grand mur de fond dans la salle 36 du ch\u00e2teau.<\/li>\n<li>Chaque vid\u00e9o sera projet\u00e9e comme <b>une ou plusieurs<\/b> pi\u00e8ces de la mosa\u00efque.<\/li>\n<li>Les pistes audio des vid\u00e9os ne seront pas jou\u00e9es simultan\u00e9ment, mais \u00e0 tour de r\u00f4le, de sorte qu\u2019on entendra <b>le son d\u2019une vid\u00e9o seulement<\/b> et<b> <\/b>que toutes les vid\u00e9os avec son pourront ainsi \u00eatre vues et \u00e9cout\u00e9es <b>en 60 minutes<\/b>.<\/li>\n<li><b>La dur\u00e9e des vid\u00e9os avec son d\u00e9pendra<\/b> du nombre de cr\u00e9ations. Si par exemple 20 vid\u00e9os avec son sont cr\u00e9\u00e9es, chaque vid\u00e9o devra durer 3 minutes.<\/li>\n<li>Les <b>vid\u00e9os muettes<\/b> peuvent \u00eatre produites en nombre illimit\u00e9 (max. 380) et avec une dur\u00e9e illimit\u00e9e (max. 10h\u00a0; temps d\u2019ouverture du ch\u00e2teau aux visiteurs).<\/li>\n<li>Les vid\u00e9os seront aussi mises en ligne sur un <b>site avec acc\u00e8s restreint<\/b>.<\/li>\n<li>Il est recommand\u00e9 que la vid\u00e9o ne soit pas con\u00e7ue comme moyen de <b>documentation<\/b> de la cr\u00e9ation, mais plut\u00f4t comme <b><i>partie int\u00e9grante<\/i><\/b> de cette derni\u00e8re, c.-\u00e0-d. d\u2019envisager <b><i>formellement<\/i><\/b> les r\u00e9sultats finaux <b><i>ensemble<\/i><\/b> (contenu de la vid\u00e9o, forme de la vid\u00e9o, images pour la publication, pr\u00e9sentation des recherches).<\/li>\n<\/ul>\n<p>&nbsp;<\/p>\n","protected":false},"excerpt":{"rendered":"<p>&#8212;&#8212;&#8212;&#8212;&#8212;&#8212;&#8212;&#8212;&#8212;&#8212;&#8212;&#8212;&#8212;&#8212;&#8212;&#8212;&#8212;&#8212;&#8212;&#8212;&#8212;&#8212;&#8212;&#8212;&#8212;&#8212;&#8212;&#8212;&#8212;&#8212;&#8212;&#8212;&#8212;&#8212;&#8212;&#8212;&#8212;&#8212;&#8212;&#8212;&#8212;&#8212;&#8212;&#8212;&#8212;&#8212;&#8212; Une plateforme interactive pour les travaux en cours se trouve sur moodle2.unil.ch &gt; facult\u00e9 des Lettres &gt; section de philosophie sous le nom MdC Projet Chillon &gt; acc\u00e8s par [&hellip;]<\/p>\n","protected":false},"author":27,"featured_media":0,"parent":2156,"menu_order":0,"comment_status":"closed","ping_status":"closed","template":"","meta":{"_seopress_robots_primary_cat":"","_seopress_titles_title":"","_seopress_titles_desc":"","_seopress_robots_index":"","footnotes":""},"class_list":["post-2175","page","type-page","status-publish"],"_links":{"self":[{"href":"https:\/\/www.asso-unil.ch\/caverne\/wp-json\/wp\/v2\/pages\/2175","targetHints":{"allow":["GET"]}}],"collection":[{"href":"https:\/\/www.asso-unil.ch\/caverne\/wp-json\/wp\/v2\/pages"}],"about":[{"href":"https:\/\/www.asso-unil.ch\/caverne\/wp-json\/wp\/v2\/types\/page"}],"author":[{"embeddable":true,"href":"https:\/\/www.asso-unil.ch\/caverne\/wp-json\/wp\/v2\/users\/27"}],"replies":[{"embeddable":true,"href":"https:\/\/www.asso-unil.ch\/caverne\/wp-json\/wp\/v2\/comments?post=2175"}],"version-history":[{"count":0,"href":"https:\/\/www.asso-unil.ch\/caverne\/wp-json\/wp\/v2\/pages\/2175\/revisions"}],"up":[{"embeddable":true,"href":"https:\/\/www.asso-unil.ch\/caverne\/wp-json\/wp\/v2\/pages\/2156"}],"wp:attachment":[{"href":"https:\/\/www.asso-unil.ch\/caverne\/wp-json\/wp\/v2\/media?parent=2175"}],"curies":[{"name":"wp","href":"https:\/\/api.w.org\/{rel}","templated":true}]}}

Concrétisation: Regards lémaniques

<p style="text-align: center"><span style="color: #0000ff">&#8212;&#8212;&#8212;&#8212;&#8212;&#8212;&#8212;&#8212;&#8212;&#8212;&#8212;&#8212;&#8212;&#8212;&#8212;&#8212;&#8212;&#8212;&#8212;&#8212;&#8212;&#8212;&#8212;&#8212;&#8212;&#8212;&#8212;&#8212;&#8212;&#8212;&#8212;&#8212;&#8212;&#8212;&#8212;&#8212;&#8212;&#8212;&#8212;&#8212;&#8212;&#8212;&#8212;&#8212;&#8212;&#8212;&#8212;</span><br />
<span style="color: #0000ff"> Une plateforme interactive pour les travaux en cours se trouve sur moodle2.unil.ch &gt; faculté des Lettres &gt; section de philosophie sous le nom MdC Projet Chillon &gt; accès par notre chiffre magique 23</span><br />
<span style="color: #0000ff"> &#8212;&#8212;&#8212;&#8212;&#8212;&#8212;&#8212;&#8212;&#8212;&#8212;&#8212;&#8212;&#8212;&#8212;&#8212;&#8212;&#8212;&#8212;&#8212;&#8212;&#8212;&#8212;&#8212;&#8212;&#8212;&#8212;&#8212;&#8212;&#8212;&#8212;&#8212;&#8212;&#8212;&#8212;&#8212;&#8212;&#8212;&#8212;&#8212;&#8212;&#8212;&#8212;&#8212;&#8212;&#8212;&#8212;&#8212;</span></p>
<p><b><i>La recherche</i></b></p>
<ul>
<li><i>Regards Lémaniques</i> est une <b>création co</b>mmun<b>e</b> des étudiants de l’Unil, encadré par leurs professeurs.</li>
<li>Elle sera composée de créations individuelles qui résultent de <b>collaborations initiées par un-e étudiant-e ou un groupe d’étudiant-e-s avec un-e enseignant-e de l’U</b>NIL, ou initiés par un-e ou plusieurs enseignant-e-s de l’Unil avec des étudiant-e-s.</li>
<li>Dans le cas idéal, <b>l’enseignant-e est</b> <b>expert-e de l’artiste</b> et <b>transmettra ses connaissances</b> aux étudiant-e-s.</li>
<li>Les étudiant-e-s de t<b>outes les facultés</b><b> </b>de l’Unil sont invitées à participer<b>.</b></li>
<li>Les professeur-e-s peuvent accepter la création comme partie d’un travail recevable en <b>crédits ECTS</b> si l’étudiant suit un cours ou séminaire qui porte au moins en partie sur l’auteur en question.</li>
<li><b>Le travail de création</b> sera<b> accompagné et coordonné par <i>Les Maîtres de la Caverne</i></b>.</li>
<li>Afin de permettre une <b>création non seulement collective mais commune</b> et pour assurer une certaine qualité des créations, les participant-e-s devront <b>suivre</b> <b>l’encadrement offert par <i>Les Maîtres de la Caverne</i></b> (communication aux autres participant-e-s, de l’état et du futur de la création en cours – en ligne et lors de réunions ; participation aux réunions ; observation des dates limites ; etc.).</li>
</ul>
<p><b><i>La création</i></b></p>
<p>Contenu :</p>
<ul>
<li>Chaque création <b>prend son départ avec un-e artiste ayant</b> résidé autour du Lac Léman<b>  – ou plusieurs</b> (il est bienvenu de thématiser ou créer des liens entre eux).</li>
<li>Il est souhaitable (mais pas nécessaire) de faire figurer la <b>relation entre l’artiste et le château (portrait du château au mur d’une chambre de Walser) ou bien le moment de visite</b> et ce qui a occupé l&rsquo;artiste en ce moment (retraite en montagne de Tolstoï après le choc de la guillotine à Paris révolutionnaire ; passion pour la voile de Byron ; inspiration d’écrire des histoires d’horreur entre Byron, Polidori et les Shelleys ; désespoir et espoir de Nietzsche etc.)</li>
<li>L’artiste est soit mentionné sur la liste préétablie, soit son <b>lien avec le château et sa région</b> est à démontrer.</li>
<li><b>Les moyens d’expression sont libres</b>. Les pages pour la publication ne sont pas censées avoir une forme scientifique, académique ou documentaire. Les éléments scientifiques, académiques et documentaires entrent dans le processus de recherche et du passage du savoir des professeur-e-s aux étudiant-e-s, et leur utilisation dans les produits finaux demeure bien sûr possible.</li>
</ul>
<p>Format publication :</p>
<ul>
<li>La publication présente les résultats de recherche des étudiants sous une forme libre et sous responsabilité scientifique de leurs professeurs. Sont permis <b>texte et images</b> (probablement en noir et blanc) et un lien (sous forme de QRCode) sur un site avec la vidéo.</li>
<li>Les détails sont décrits dans un fichier séparé</li>
</ul>
<p>Format vidéo (les créations peuvent être présentées sous cette forme) :</p>
<ul>
<li>Un <b>soutien à la préparation de vidéos</b> sera organisé par <i>Les Maîtres de la Caverne</i>.</li>
<li>Les images de toutes les vidéos seront <b>projetées simultanément</b> (par un seul projecteur) <b>pour former une mosaïque</b> (p.ex. de 400 pièces taille DIN A4 ou de 100 pièces DIN A1) sur une toile d’environ 5m50 x 3m devant le grand mur de fond dans la salle 36 du château.</li>
<li>Chaque vidéo sera projetée comme <b>une ou plusieurs</b> pièces de la mosaïque.</li>
<li>Les pistes audio des vidéos ne seront pas jouées simultanément, mais à tour de rôle, de sorte qu’on entendra <b>le son d’une vidéo seulement</b> et<b> </b>que toutes les vidéos avec son pourront ainsi être vues et écoutées <b>en 60 minutes</b>.</li>
<li><b>La durée des vidéos avec son dépendra</b> du nombre de créations. Si par exemple 20 vidéos avec son sont créées, chaque vidéo devra durer 3 minutes.</li>
<li>Les <b>vidéos muettes</b> peuvent être produites en nombre illimité (max. 380) et avec une durée illimitée (max. 10h ; temps d’ouverture du château aux visiteurs).</li>
<li>Les vidéos seront aussi mises en ligne sur un <b>site avec accès restreint</b>.</li>
<li>Il est recommandé que la vidéo ne soit pas conçue comme moyen de <b>documentation</b> de la création, mais plutôt comme <b><i>partie intégrante</i></b> de cette dernière, c.-à-d. d’envisager <b><i>formellement</i></b> les résultats finaux <b><i>ensemble</i></b> (contenu de la vidéo, forme de la vidéo, images pour la publication, présentation des recherches).</li>
</ul>
<p>&nbsp;</p>

<p>&#8212;&#8212;&#8212;&#8212;&#8212;&#8212;&#8212;&#8212;&#8212;&#8212;&#8212;&#8212;&#8212;&#8212;&#8212;&#8212;&#8212;&#8212;&#8212;&#8212;&#8212;&#8212;&#8212;&#8212;&#8212;&#8212;&#8212;&#8212;&#8212;&#8212;&#8212;&#8212;&#8212;&#8212;&#8212;&#8212;&#8212;&#8212;&#8212;&#8212;&#8212;&#8212;&#8212;&#8212;&#8212;&#8212;&#8212; Une plateforme interactive pour les travaux en cours se trouve sur moodle2.unil.ch &gt; faculté des Lettres &gt; section de philosophie sous le nom MdC Projet Chillon &gt; accès par [&hellip;]</p>
