{"id":2156,"date":"2013-11-12T14:33:10","date_gmt":"2013-11-12T13:33:10","guid":{"rendered":"http:\/\/www.asso-unil.ch\/caverne\/?page_id=2156"},"modified":"2014-09-23T09:42:40","modified_gmt":"2014-09-23T07:42:40","slug":"regards","status":"publish","type":"page","link":"https:\/\/www.asso-unil.ch\/caverne\/archive\/regards\/","title":{"rendered":"Regards L\u00e9maniques"},"content":{"rendered":"<p style=\"text-align: justify\">Les Ma\u00eetres de la Caverne vous annoncent l&rsquo;exposition <em>Regards L\u00e9maniques<\/em>, une cr\u00e9ation commune par des \u00e9tudiant-e-s de l\u2019Universit\u00e9 de Lausanne qui sera pr\u00e9sent\u00e9es lors du <a href=\"https:\/\/www3.unil.ch\/wpmu\/fecule\/\">F\u00e9cule<\/a>, festival universitaire ayant lieu du 27 avril au 11 mai 2014.<\/p>\n<p style=\"text-align: justify\">Nouvelle direction du projet <em>\u0152uvre 23<\/em>, l&rsquo;exposition <em>Regards L\u00e9maniques<\/em> est un hommage aux nombreux artistes et auteurs ayants r\u00e9sid\u00e9 autour du Lac L\u00e9man. Elle r\u00e9unit des cr\u00e9ations d&rsquo;\u00e9tudiant-e-s qui pr\u00e9sentent avec un regard actuel l&rsquo;imaginaire de ces artistes et tissent le lien entre notre patrimoine culturel et la cr\u00e9ation. Dans ce travail interdisciplinaire, la coop\u00e9ration entre \u00e9tudiant-e-s et professeur-e-s est au centre du projet. Il s&rsquo;agit d&rsquo;une recherche et d&rsquo;une interrogation commune sur ces artistes, coordonn\u00e9e et encadr\u00e9e par Michael Groneberg et l\u2019association Les Ma\u00eetres de la Caverne.<\/p>\n<p style=\"text-align: justify\">Le projet <em>\u0152uvre 23<\/em> \u00e9tait cens\u00e9 faire partie de l\u2019exposition d\u2019Hugo Bonamin au Ch\u00e2teau de Chillon, mais malheureusement Hugo Bonamin s&rsquo;est retir\u00e9 du projet. Les Ma\u00eetres de la Caverne se sont donc lanc\u00e9s dans la restructuration de l&rsquo;exposition, renomm\u00e9e <em>Regards L\u00e9maniques<\/em>. Ces regards sont \u00e0 la fois ceux des artistes, dont les \u00e9tudiant-e-s s\u2019inspirent pour leurs cr\u00e9ations, mais aussi ceux des participant-e-s sur leur environnement direct. La publication en ligne et imprim\u00e9e est toujours pr\u00e9vue et vise \u00e0 mettre en avant les productions individuelles des \u00e9tudiant-e-s.<\/p>\n\n<!-- Page-list plugin v.5.9 wordpress.org\/plugins\/page-list\/ -->\n<ul class=\"page-list subpages-page-list \">\n<li class=\"page_item page-item-2175\"><a href=\"https:\/\/www.asso-unil.ch\/caverne\/archive\/regards\/concretisation\/\">Concr\u00e9tisation: Regards l\u00e9maniques<\/a><\/li>\n<li class=\"page_item page-item-2238\"><a href=\"https:\/\/www.asso-unil.ch\/caverne\/archive\/regards\/liste-dartistes\/\">Listes d&rsquo;artistes<\/a><\/li>\n<li class=\"page_item page-item-2158\"><a href=\"https:\/\/www.asso-unil.ch\/caverne\/archive\/regards\/visite\/\">Visite guid\u00e9e de \u00ab\u00a040 ans d&rsquo;art vid\u00e9o\u00a0\u00bb<\/a><\/li>\n\n<\/ul>\n<p>&nbsp;<\/p>\n","protected":false},"excerpt":{"rendered":"<p>Les Ma\u00eetres de la Caverne vous annoncent l&rsquo;exposition Regards L\u00e9maniques, une cr\u00e9ation commune par des \u00e9tudiant-e-s de l\u2019Universit\u00e9 de Lausanne qui sera pr\u00e9sent\u00e9es lors du F\u00e9cule, festival universitaire ayant lieu [&hellip;]<\/p>\n","protected":false},"author":27,"featured_media":0,"parent":88,"menu_order":3,"comment_status":"closed","ping_status":"closed","template":"","meta":{"_seopress_robots_primary_cat":"","_seopress_titles_title":"","_seopress_titles_desc":"","_seopress_robots_index":"","footnotes":""},"class_list":["post-2156","page","type-page","status-publish"],"_links":{"self":[{"href":"https:\/\/www.asso-unil.ch\/caverne\/wp-json\/wp\/v2\/pages\/2156","targetHints":{"allow":["GET"]}}],"collection":[{"href":"https:\/\/www.asso-unil.ch\/caverne\/wp-json\/wp\/v2\/pages"}],"about":[{"href":"https:\/\/www.asso-unil.ch\/caverne\/wp-json\/wp\/v2\/types\/page"}],"author":[{"embeddable":true,"href":"https:\/\/www.asso-unil.ch\/caverne\/wp-json\/wp\/v2\/users\/27"}],"replies":[{"embeddable":true,"href":"https:\/\/www.asso-unil.ch\/caverne\/wp-json\/wp\/v2\/comments?post=2156"}],"version-history":[{"count":0,"href":"https:\/\/www.asso-unil.ch\/caverne\/wp-json\/wp\/v2\/pages\/2156\/revisions"}],"up":[{"embeddable":true,"href":"https:\/\/www.asso-unil.ch\/caverne\/wp-json\/wp\/v2\/pages\/88"}],"wp:attachment":[{"href":"https:\/\/www.asso-unil.ch\/caverne\/wp-json\/wp\/v2\/media?parent=2156"}],"curies":[{"name":"wp","href":"https:\/\/api.w.org\/{rel}","templated":true}]}}

Regards Lémaniques

<p style="text-align: justify">Les Maîtres de la Caverne vous annoncent l&rsquo;exposition <em>Regards Lémaniques</em>, une création commune par des étudiant-e-s de l’Université de Lausanne qui sera présentées lors du <a href="https://www3.unil.ch/wpmu/fecule/">Fécule</a>, festival universitaire ayant lieu du 27 avril au 11 mai 2014.</p>
<p style="text-align: justify">Nouvelle direction du projet <em>Œuvre 23</em>, l&rsquo;exposition <em>Regards Lémaniques</em> est un hommage aux nombreux artistes et auteurs ayants résidé autour du Lac Léman. Elle réunit des créations d&rsquo;étudiant-e-s qui présentent avec un regard actuel l&rsquo;imaginaire de ces artistes et tissent le lien entre notre patrimoine culturel et la création. Dans ce travail interdisciplinaire, la coopération entre étudiant-e-s et professeur-e-s est au centre du projet. Il s&rsquo;agit d&rsquo;une recherche et d&rsquo;une interrogation commune sur ces artistes, coordonnée et encadrée par Michael Groneberg et l’association Les Maîtres de la Caverne.</p>
<p style="text-align: justify">Le projet <em>Œuvre 23</em> était censé faire partie de l’exposition d’Hugo Bonamin au Château de Chillon, mais malheureusement Hugo Bonamin s&rsquo;est retiré du projet. Les Maîtres de la Caverne se sont donc lancés dans la restructuration de l&rsquo;exposition, renommée <em>Regards Lémaniques</em>. Ces regards sont à la fois ceux des artistes, dont les étudiant-e-s s’inspirent pour leurs créations, mais aussi ceux des participant-e-s sur leur environnement direct. La publication en ligne et imprimée est toujours prévue et vise à mettre en avant les productions individuelles des étudiant-e-s.</p>

<!-- Page-list plugin v.5.9 wordpress.org/plugins/page-list/ -->
<ul class="page-list subpages-page-list ">
<li class="page_item page-item-2175"><a href="https://www.asso-unil.ch/caverne/archive/regards/concretisation/">Concrétisation: Regards lémaniques</a></li>
<li class="page_item page-item-2238"><a href="https://www.asso-unil.ch/caverne/archive/regards/liste-dartistes/">Listes d&rsquo;artistes</a></li>
<li class="page_item page-item-2158"><a href="https://www.asso-unil.ch/caverne/archive/regards/visite/">Visite guidée de « 40 ans d&rsquo;art vidéo »</a></li>

</ul>
<p>&nbsp;</p>

<p>Les Maîtres de la Caverne vous annoncent l&rsquo;exposition Regards Lémaniques, une création commune par des étudiant-e-s de l’Université de Lausanne qui sera présentées lors du Fécule, festival universitaire ayant lieu [&hellip;]</p>
