{"id":2142,"date":"2013-11-06T14:41:50","date_gmt":"2013-11-06T13:41:50","guid":{"rendered":"http:\/\/www.asso-unil.ch\/caverne\/?page_id=2142"},"modified":"2014-04-12T11:50:43","modified_gmt":"2014-04-12T09:50:43","slug":"ecriture","status":"publish","type":"page","link":"https:\/\/www.asso-unil.ch\/caverne\/projets\/projets-2013-2014\/ateliers\/ecriture\/","title":{"rendered":"Atelier d&rsquo;\u00e9criture avec Sandra Korol"},"content":{"rendered":"<p><img alt=\"\" loading=\"lazy\" decoding=\"async\" class=\"size-medium wp-image-2401 alignleft\" alt=\"\" src=\"https:\/\/www.asso-unil.ch\/caverne\/files\/2013\/12\/livres-257x300.jpg\" width=\"257\" height=\"300\" \/><\/p>\n<p style=\"text-align: justify\">Cette ann\u00e9e, nombreux sont ceux et celles qui s&rsquo;orientent vers l&rsquo;\u00e9criture de nouvelles, pi\u00e8ces et autres fruits de r\u00e9flexions universitaires. Ajoutez \u00e0 ceci l&rsquo;hiver qui nous invite \u00e0 parler litt\u00e9rature autour d&rsquo;une s\u00e9lection de th\u00e9s et vous avez tous les ingr\u00e9dients n\u00e9cessaires \u00e0 un charmant atelier d&rsquo;\u00e9criture. Il sera donn\u00e9 par Sandra Korol. Cette\u00a0auteure, actrice et consultante th\u00e9\u00e2trale est notamment l&rsquo;auteure de treize pi\u00e8ces qui ont toutes \u00e9t\u00e9 repr\u00e9sent\u00e9es sur les sc\u00e8nes romandes, du Th\u00e9\u00e2tre de Vidy au Th\u00e9\u00e2tre Le Poche, \u00e0 Gen\u00e8ve\u00a0(<a href=\"https:\/\/www.sandrakorol.com\/SandraKorol\/Homepage.html\">voir son site<\/a>).<\/p>\n<p>&nbsp;<\/p>\n<p>&nbsp;<\/p>\n<p style=\"text-align: justify\">L&rsquo;atelier aura lieu jeudi 16 janvier de 12 \u00e0 18h \u00e0 l\u2019aum\u00f4nerie dans le b\u00e2timent de la Grange de Dorigny (entr\u00e9e \u00e0 l&rsquo;arri\u00e8re).\u00a0Des rep\u00e8res g\u00e9n\u00e9raux concernant l&rsquo;\u00e9criture, en particulier de textes pour la sc\u00e8ne, seront donn\u00e9s en plus des retours sur les textes soumis. Vous \u00eates invit\u00e9s, m\u00eame si vous n&rsquo;avez pas soumis de texte, \u00e0 apporter des questions et commentaires et \u00e0 profiter de l&rsquo;expertise de Sandra Korol. Annoncez-vous par mail \u00e0 info-caverne@unil.ch, et si vous avez envie d&rsquo;accompagner nos caf\u00e9s et th\u00e9s par une nourriture substantielle, apportez des g\u00e2teaux et autres gourmandises.<\/p>\n<p>&nbsp;<\/p>\n","protected":false},"excerpt":{"rendered":"<p>Cette ann\u00e9e, nombreux sont ceux et celles qui s&rsquo;orientent vers l&rsquo;\u00e9criture de nouvelles, pi\u00e8ces et autres fruits de r\u00e9flexions universitaires. Ajoutez \u00e0 ceci l&rsquo;hiver qui nous invite \u00e0 parler litt\u00e9rature [&hellip;]<\/p>\n","protected":false},"author":27,"featured_media":0,"parent":1714,"menu_order":2,"comment_status":"closed","ping_status":"closed","template":"","meta":{"_seopress_robots_primary_cat":"","_seopress_titles_title":"","_seopress_titles_desc":"","_seopress_robots_index":"","footnotes":""},"class_list":["post-2142","page","type-page","status-publish"],"_links":{"self":[{"href":"https:\/\/www.asso-unil.ch\/caverne\/wp-json\/wp\/v2\/pages\/2142","targetHints":{"allow":["GET"]}}],"collection":[{"href":"https:\/\/www.asso-unil.ch\/caverne\/wp-json\/wp\/v2\/pages"}],"about":[{"href":"https:\/\/www.asso-unil.ch\/caverne\/wp-json\/wp\/v2\/types\/page"}],"author":[{"embeddable":true,"href":"https:\/\/www.asso-unil.ch\/caverne\/wp-json\/wp\/v2\/users\/27"}],"replies":[{"embeddable":true,"href":"https:\/\/www.asso-unil.ch\/caverne\/wp-json\/wp\/v2\/comments?post=2142"}],"version-history":[{"count":0,"href":"https:\/\/www.asso-unil.ch\/caverne\/wp-json\/wp\/v2\/pages\/2142\/revisions"}],"up":[{"embeddable":true,"href":"https:\/\/www.asso-unil.ch\/caverne\/wp-json\/wp\/v2\/pages\/1714"}],"wp:attachment":[{"href":"https:\/\/www.asso-unil.ch\/caverne\/wp-json\/wp\/v2\/media?parent=2142"}],"curies":[{"name":"wp","href":"https:\/\/api.w.org\/{rel}","templated":true}]}}

Atelier d&rsquo;écriture avec Sandra Korol

<p><img alt="" loading="lazy" decoding="async" class="size-medium wp-image-2401 alignleft" alt="" src="https://www.asso-unil.ch/caverne/files/2013/12/livres-257x300.jpg" width="257" height="300" /></p>
<p style="text-align: justify">Cette année, nombreux sont ceux et celles qui s&rsquo;orientent vers l&rsquo;écriture de nouvelles, pièces et autres fruits de réflexions universitaires. Ajoutez à ceci l&rsquo;hiver qui nous invite à parler littérature autour d&rsquo;une sélection de thés et vous avez tous les ingrédients nécessaires à un charmant atelier d&rsquo;écriture. Il sera donné par Sandra Korol. Cette auteure, actrice et consultante théâtrale est notamment l&rsquo;auteure de treize pièces qui ont toutes été représentées sur les scènes romandes, du Théâtre de Vidy au Théâtre Le Poche, à Genève (<a href="https://www.sandrakorol.com/SandraKorol/Homepage.html">voir son site</a>).</p>
<p>&nbsp;</p>
<p>&nbsp;</p>
<p style="text-align: justify">L&rsquo;atelier aura lieu jeudi 16 janvier de 12 à 18h à l’aumônerie dans le bâtiment de la Grange de Dorigny (entrée à l&rsquo;arrière). Des repères généraux concernant l&rsquo;écriture, en particulier de textes pour la scène, seront donnés en plus des retours sur les textes soumis. Vous êtes invités, même si vous n&rsquo;avez pas soumis de texte, à apporter des questions et commentaires et à profiter de l&rsquo;expertise de Sandra Korol. Annoncez-vous par mail à info-caverne@unil.ch, et si vous avez envie d&rsquo;accompagner nos cafés et thés par une nourriture substantielle, apportez des gâteaux et autres gourmandises.</p>
<p>&nbsp;</p>

<p>Cette année, nombreux sont ceux et celles qui s&rsquo;orientent vers l&rsquo;écriture de nouvelles, pièces et autres fruits de réflexions universitaires. Ajoutez à ceci l&rsquo;hiver qui nous invite à parler littérature [&hellip;]</p>
