{"id":2135,"date":"2013-11-06T14:36:22","date_gmt":"2013-11-06T13:36:22","guid":{"rendered":"http:\/\/www.asso-unil.ch\/caverne\/?page_id=2135"},"modified":"2014-09-27T11:51:49","modified_gmt":"2014-09-27T09:51:49","slug":"20-nov","status":"publish","type":"page","link":"https:\/\/www.asso-unil.ch\/caverne\/banquets\/banquets\/20-nov\/","title":{"rendered":"Banquet du 20 novembre 2013, l&rsquo;argent"},"content":{"rendered":"<p style=\"text-align: justify\">Mercredi 20 novembre \u00e0 18 heures, Les Ma\u00eetres de la Caverne vous invitent \u00e0 partager un moment de convivialit\u00e9 autour d&rsquo;un nouveau banquet au Foyer de la Grange de Dorigny. Le sujet qui rythmera cette fois-ci le repas a d\u00e9j\u00e0 fait couler beaucoup d&rsquo;encre : il s&rsquo;agit de l&rsquo;argent.<\/p>\n<p style=\"text-align: justify\">Nous parlerons de l&rsquo;\u00e9volution du projet <em>Monnaie mon amour<\/em> et questionnerons la possibilit\u00e9 d&rsquo;une soci\u00e9t\u00e9 sans argent. Quelle est sa pertinence sur l\u2019arri\u00e8re-fond d\u2019une critique de la monnaie en g\u00e9n\u00e9ral\u00a0?<\/p>\n<p style=\"text-align: justify\">Comme toujours, nous vous serions reconnaissants si vous apportiez un petit quelque chose afin de satisfaire les estomacs et de mettre en valeur vos talents culinaires. Nous vous attendons nombreux et de bonne humeur.<\/p>\n<p>&nbsp;<\/p>\n","protected":false},"excerpt":{"rendered":"<p>Mercredi 20 novembre \u00e0 18 heures, Les Ma\u00eetres de la Caverne vous invitent \u00e0 partager un moment de convivialit\u00e9 autour d&rsquo;un nouveau banquet au Foyer de la Grange de Dorigny. [&hellip;]<\/p>\n","protected":false},"author":27,"featured_media":0,"parent":1274,"menu_order":7,"comment_status":"open","ping_status":"closed","template":"","meta":{"_seopress_robots_primary_cat":"","_seopress_titles_title":"","_seopress_titles_desc":"","_seopress_robots_index":"","footnotes":""},"class_list":["post-2135","page","type-page","status-publish"],"_links":{"self":[{"href":"https:\/\/www.asso-unil.ch\/caverne\/wp-json\/wp\/v2\/pages\/2135","targetHints":{"allow":["GET"]}}],"collection":[{"href":"https:\/\/www.asso-unil.ch\/caverne\/wp-json\/wp\/v2\/pages"}],"about":[{"href":"https:\/\/www.asso-unil.ch\/caverne\/wp-json\/wp\/v2\/types\/page"}],"author":[{"embeddable":true,"href":"https:\/\/www.asso-unil.ch\/caverne\/wp-json\/wp\/v2\/users\/27"}],"replies":[{"embeddable":true,"href":"https:\/\/www.asso-unil.ch\/caverne\/wp-json\/wp\/v2\/comments?post=2135"}],"version-history":[{"count":0,"href":"https:\/\/www.asso-unil.ch\/caverne\/wp-json\/wp\/v2\/pages\/2135\/revisions"}],"up":[{"embeddable":true,"href":"https:\/\/www.asso-unil.ch\/caverne\/wp-json\/wp\/v2\/pages\/1274"}],"wp:attachment":[{"href":"https:\/\/www.asso-unil.ch\/caverne\/wp-json\/wp\/v2\/media?parent=2135"}],"curies":[{"name":"wp","href":"https:\/\/api.w.org\/{rel}","templated":true}]}}