{"id":1970,"date":"2013-09-19T13:31:08","date_gmt":"2013-09-19T11:31:08","guid":{"rendered":"http:\/\/www.asso-unil.ch\/caverne\/?page_id=1970"},"modified":"2015-03-03T22:47:25","modified_gmt":"2015-03-03T21:47:25","slug":"triptyque","status":"publish","type":"page","link":"https:\/\/www.asso-unil.ch\/caverne\/projets\/projets-2013-2014\/triptyque\/","title":{"rendered":"Triptyque &#8211; Anne Voeffray"},"content":{"rendered":"<p><b>D\u00e9marche<\/b><\/p>\n<p style=\"text-align: justify\">Dans mon travail en s\u00e9rie sur les autoportraits, rien n\u2019est conceptualis\u00e9, organis\u00e9 ou pr\u00e9vu par avance. Je ne d\u00e9cide jamais de faire des s\u00e9ances de photos. Elles s\u2019imposent \u00e0 moi dans des moments de vie particuliers. Le <i>Triptyque<\/i> &#8211; \u00ab\u00a0D\u00e9sirs\u00a0\u00bb, \u00ab\u00a0Pr\u00e9sences\u00a0\u00bb et \u00ab\u00a0R\u00e9miniscences\u00a0\u00bb &#8211; s\u2019inscrit dans cette exp\u00e9rimentation personnelle du monde, prolong\u00e9e par des prises de vues improvis\u00e9es dans l\u2019instant.<\/p>\n<p style=\"text-align: justify\">Toujours \u00e0 travers le filtre du v\u00e9cu personnel, on peut ainsi lire et interpr\u00e9ter <i>a posteriori<\/i> cette d\u00e9marche comme une qu\u00eate identitaire, une recherche de sens, un questionnement sur notre rapport au cycle de<i> Vie\/Mort\/Vie<\/i> (C. Pinkola Est\u00e9s). Chaque nouvelle image entrainant la mort de la pr\u00e9c\u00e9dente et sa propre renaissance. Le flou ou la mauvaise d\u00e9finition de certaines photos participe de cette interrogation. Imperfection des images, imperfection de la vie. Capturer des images \u00e0 travers une vitre (\u00ab\u00a0D\u00e9sirs\u00a0\u00bb), dans une lumi\u00e8re vive artificielle inhabituelle (\u00ab\u00a0Pr\u00e9sences\u00a0\u00bb), ou au contraire, sans flash, dans une nuit presque totale (\u00ab\u00a0R\u00e9miniscences\u00a0\u00bb), comme pour rechercher la pr\u00e9sence, l\u2019\u00e9tincelle de vie, tenter de percevoir des \u00e9motions personnelles enfouies, et puis ouvrant la porte \u00e0 une symbolique plus universelle.<\/p>\n<p style=\"text-align: justify\">Enfin, le dispositif de diaporama propose les images dans une unit\u00e9 de lieu, d\u2019action et de temps chronologique, conf\u00e9rant aux s\u00e9ries un caract\u00e8re quasi cin\u00e9matographique, \u00e0 l\u2019image des planches-contact des grands photo-reporters t\u00e9moignant des soldats tomb\u00e9s au front. La r\u00e9p\u00e9tition obsessionnelle de ce m\u00eame visage ou corps dans un contexte singulier nous invite \u00e0 reconsid\u00e9rer, d\u2019une fa\u00e7on plus globale, la pluralit\u00e9 de notre \u00eatre et la multitude de nos identit\u00e9s, ainsi que notre relation \u00e0 nos propres cycles de renaissance <i>Vie\/Mort\/Vie<\/i>.<\/p>\n<p style=\"text-align: center\"><a href=\"https:\/\/www.asso-unil.ch\/caverne\/files\/2013\/12\/voeffray_i_desirs.jpg\"><img loading=\"lazy\" decoding=\"async\" class=\"alignnone size-medium wp-image-2357\" alt=\"voeffray_i_desirs\" src=\"https:\/\/www.asso-unil.ch\/caverne\/files\/2013\/12\/voeffray_i_desirs-300x224.jpg\" width=\"300\" height=\"224\" srcset=\"https:\/\/www.asso-unil.ch\/caverne\/files\/2013\/12\/voeffray_i_desirs-300x224.jpg 300w, https:\/\/www.asso-unil.ch\/caverne\/files\/2013\/12\/voeffray_i_desirs.jpg 800w\" sizes=\"auto, (max-width: 300px) 100vw, 300px\" \/><\/a><br \/>\nI. D\u00e9sirs<\/p>\n<p style=\"text-align: center\"><a href=\"https:\/\/www.asso-unil.ch\/caverne\/files\/2013\/12\/voeffray_ii_presences.jpg\"><img loading=\"lazy\" decoding=\"async\" class=\"alignnone size-medium wp-image-2358\" alt=\"voeffray_ii_presences\" src=\"https:\/\/www.asso-unil.ch\/caverne\/files\/2013\/12\/voeffray_ii_presences-300x225.jpg\" width=\"300\" height=\"225\" srcset=\"https:\/\/www.asso-unil.ch\/caverne\/files\/2013\/12\/voeffray_ii_presences-300x225.jpg 300w, https:\/\/www.asso-unil.ch\/caverne\/files\/2013\/12\/voeffray_ii_presences.jpg 800w\" sizes=\"auto, (max-width: 300px) 100vw, 300px\" \/><\/a><br \/>\nII. Pr\u00e9sences<\/p>\n<p style=\"text-align: center\"><a href=\"https:\/\/www.asso-unil.ch\/caverne\/files\/2013\/12\/voeffray_iii_reminiscences.jpg\"><img loading=\"lazy\" decoding=\"async\" class=\"alignnone size-medium wp-image-2359 aligncenter\" alt=\"voeffray_iii_reminiscences\" src=\"https:\/\/www.asso-unil.ch\/caverne\/files\/2013\/12\/voeffray_iii_reminiscences-300x225.jpg\" width=\"300\" height=\"225\" srcset=\"https:\/\/www.asso-unil.ch\/caverne\/files\/2013\/12\/voeffray_iii_reminiscences-300x225.jpg 300w, https:\/\/www.asso-unil.ch\/caverne\/files\/2013\/12\/voeffray_iii_reminiscences.jpg 800w\" sizes=\"auto, (max-width: 300px) 100vw, 300px\" \/><\/a><br \/>\nIII. R\u00e9miniscences<\/p>\n","protected":false},"excerpt":{"rendered":"<p>D\u00e9marche Dans mon travail en s\u00e9rie sur les autoportraits, rien n\u2019est conceptualis\u00e9, organis\u00e9 ou pr\u00e9vu par avance. Je ne d\u00e9cide jamais de faire des s\u00e9ances de photos. Elles s\u2019imposent \u00e0 [&hellip;]<\/p>\n","protected":false},"author":27,"featured_media":0,"parent":1620,"menu_order":3,"comment_status":"open","ping_status":"closed","template":"","meta":{"_seopress_robots_primary_cat":"","_seopress_titles_title":"","_seopress_titles_desc":"","_seopress_robots_index":"","footnotes":""},"class_list":["post-1970","page","type-page","status-publish"],"_links":{"self":[{"href":"https:\/\/www.asso-unil.ch\/caverne\/wp-json\/wp\/v2\/pages\/1970","targetHints":{"allow":["GET"]}}],"collection":[{"href":"https:\/\/www.asso-unil.ch\/caverne\/wp-json\/wp\/v2\/pages"}],"about":[{"href":"https:\/\/www.asso-unil.ch\/caverne\/wp-json\/wp\/v2\/types\/page"}],"author":[{"embeddable":true,"href":"https:\/\/www.asso-unil.ch\/caverne\/wp-json\/wp\/v2\/users\/27"}],"replies":[{"embeddable":true,"href":"https:\/\/www.asso-unil.ch\/caverne\/wp-json\/wp\/v2\/comments?post=1970"}],"version-history":[{"count":0,"href":"https:\/\/www.asso-unil.ch\/caverne\/wp-json\/wp\/v2\/pages\/1970\/revisions"}],"up":[{"embeddable":true,"href":"https:\/\/www.asso-unil.ch\/caverne\/wp-json\/wp\/v2\/pages\/1620"}],"wp:attachment":[{"href":"https:\/\/www.asso-unil.ch\/caverne\/wp-json\/wp\/v2\/media?parent=1970"}],"curies":[{"name":"wp","href":"https:\/\/api.w.org\/{rel}","templated":true}]}}

<p><b>Démarche</b></p>
<p style="text-align: justify">Dans mon travail en série sur les autoportraits, rien n’est conceptualisé, organisé ou prévu par avance. Je ne décide jamais de faire des séances de photos. Elles s’imposent à moi dans des moments de vie particuliers. Le <i>Triptyque</i> &#8211; « Désirs », « Présences » et « Réminiscences » &#8211; s’inscrit dans cette expérimentation personnelle du monde, prolongée par des prises de vues improvisées dans l’instant.</p>
<p style="text-align: justify">Toujours à travers le filtre du vécu personnel, on peut ainsi lire et interpréter <i>a posteriori</i> cette démarche comme une quête identitaire, une recherche de sens, un questionnement sur notre rapport au cycle de<i> Vie/Mort/Vie</i> (C. Pinkola Estés). Chaque nouvelle image entrainant la mort de la précédente et sa propre renaissance. Le flou ou la mauvaise définition de certaines photos participe de cette interrogation. Imperfection des images, imperfection de la vie. Capturer des images à travers une vitre (« Désirs »), dans une lumière vive artificielle inhabituelle (« Présences »), ou au contraire, sans flash, dans une nuit presque totale (« Réminiscences »), comme pour rechercher la présence, l’étincelle de vie, tenter de percevoir des émotions personnelles enfouies, et puis ouvrant la porte à une symbolique plus universelle.</p>
<p style="text-align: justify">Enfin, le dispositif de diaporama propose les images dans une unité de lieu, d’action et de temps chronologique, conférant aux séries un caractère quasi cinématographique, à l’image des planches-contact des grands photo-reporters témoignant des soldats tombés au front. La répétition obsessionnelle de ce même visage ou corps dans un contexte singulier nous invite à reconsidérer, d’une façon plus globale, la pluralité de notre être et la multitude de nos identités, ainsi que notre relation à nos propres cycles de renaissance <i>Vie/Mort/Vie</i>.</p>
<p style="text-align: center"><a href="https://www.asso-unil.ch/caverne/files/2013/12/voeffray_i_desirs.jpg"><img loading="lazy" decoding="async" class="alignnone size-medium wp-image-2357" alt="voeffray_i_desirs" src="https://www.asso-unil.ch/caverne/files/2013/12/voeffray_i_desirs-300x224.jpg" width="300" height="224" srcset="https://www.asso-unil.ch/caverne/files/2013/12/voeffray_i_desirs-300x224.jpg 300w, https://www.asso-unil.ch/caverne/files/2013/12/voeffray_i_desirs.jpg 800w" sizes="auto, (max-width: 300px) 100vw, 300px" /></a><br />
I. Désirs</p>
<p style="text-align: center"><a href="https://www.asso-unil.ch/caverne/files/2013/12/voeffray_ii_presences.jpg"><img loading="lazy" decoding="async" class="alignnone size-medium wp-image-2358" alt="voeffray_ii_presences" src="https://www.asso-unil.ch/caverne/files/2013/12/voeffray_ii_presences-300x225.jpg" width="300" height="225" srcset="https://www.asso-unil.ch/caverne/files/2013/12/voeffray_ii_presences-300x225.jpg 300w, https://www.asso-unil.ch/caverne/files/2013/12/voeffray_ii_presences.jpg 800w" sizes="auto, (max-width: 300px) 100vw, 300px" /></a><br />
II. Présences</p>
<p style="text-align: center"><a href="https://www.asso-unil.ch/caverne/files/2013/12/voeffray_iii_reminiscences.jpg"><img loading="lazy" decoding="async" class="alignnone size-medium wp-image-2359 aligncenter" alt="voeffray_iii_reminiscences" src="https://www.asso-unil.ch/caverne/files/2013/12/voeffray_iii_reminiscences-300x225.jpg" width="300" height="225" srcset="https://www.asso-unil.ch/caverne/files/2013/12/voeffray_iii_reminiscences-300x225.jpg 300w, https://www.asso-unil.ch/caverne/files/2013/12/voeffray_iii_reminiscences.jpg 800w" sizes="auto, (max-width: 300px) 100vw, 300px" /></a><br />
III. Réminiscences</p>

<p>Démarche Dans mon travail en série sur les autoportraits, rien n’est conceptualisé, organisé ou prévu par avance. Je ne décide jamais de faire des séances de photos. Elles s’imposent à [&hellip;]</p>
