{"id":1707,"date":"2013-05-16T15:31:54","date_gmt":"2013-05-16T13:31:54","guid":{"rendered":"http:\/\/www.asso-unil.ch\/caverne\/?page_id=1707"},"modified":"2018-01-23T12:39:50","modified_gmt":"2018-01-23T11:39:50","slug":"creation-technique","status":"publish","type":"page","link":"https:\/\/www.asso-unil.ch\/caverne\/ateliers\/creation-technique\/","title":{"rendered":"Cr\u00e9ation technique"},"content":{"rendered":"<p><img loading=\"lazy\" decoding=\"async\" class=\"alignleft\" src=\"https:\/\/wp.unil.ch\/foyergrangededorigny\/files\/2017\/03\/marcinphoto-768x768.jpg\" width=\"248\" height=\"248\"><\/p>\n<p>Stages Techniques avec Sylvain Laram\u00e9e \u00e0 la Grange de Dorigny, sur plusieurs jours de 9h \u00e0 18h.<\/p>\n<p>Cr\u00e9ation technique, montage et r\u00e9alisation. La technique de chaque spectacle n\u00e9cessite en amont de la r\u00e9gie des choix aux cons\u00e9quences lourdes. Le positionnement et la coloration des lumi\u00e8res influent sur l\u2019emplacement des d\u00e9cors, l\u2019emploi de diverses machines et l\u2019\u00e9ventuel d\u00e9clenchement de tirages. Suivez les techniciens, participez au travail et comprenez quels en sont les enjeux.<\/p>\n<h6>Dates disponibles pour max. 2 personnes<\/h6>\n<ul>\n<li>Novembre 6-7: \u00ab\u00a0Le r\u00eave de d&rsquo;Alembert et Pygmalion\u00a0\u00bb (plein)<\/li>\n<li>Novembre 19-21: \u00ab\u00a0Westerbork\u00a0\u00bb (plein)<\/li>\n<li>Novembre 26-27: \u00ab\u00a0Des z\u00e8bres et des amandes\u00a0\u00bb (plein)<\/li>\n<li>D\u00e9cembre 4-5: \u00ab\u00a0Ne plus rien dire\u00a0\u00bb au cin\u00e9ma Eldorado \u00e0 Lausanne (plein)<\/li>\n<li>Janvier 17-19: \u00ab\u00a0Crime et ch\u00e2timent\u00a0\u00bb (plein)<\/li>\n<\/ul>\n","protected":false},"excerpt":{"rendered":"<p>Stages Techniques avec Sylvain Laram\u00e9e \u00e0 la Grange de Dorigny, sur plusieurs jours de 9h \u00e0 18h. Cr\u00e9ation technique, montage et r\u00e9alisation. La technique de chaque spectacle n\u00e9cessite en amont [&hellip;]<\/p>\n","protected":false},"author":1001080,"featured_media":0,"parent":3346,"menu_order":0,"comment_status":"closed","ping_status":"closed","template":"","meta":{"_seopress_robots_primary_cat":"","_seopress_titles_title":"","_seopress_titles_desc":"","_seopress_robots_index":"","footnotes":""},"class_list":["post-1707","page","type-page","status-publish"],"_links":{"self":[{"href":"https:\/\/www.asso-unil.ch\/caverne\/wp-json\/wp\/v2\/pages\/1707","targetHints":{"allow":["GET"]}}],"collection":[{"href":"https:\/\/www.asso-unil.ch\/caverne\/wp-json\/wp\/v2\/pages"}],"about":[{"href":"https:\/\/www.asso-unil.ch\/caverne\/wp-json\/wp\/v2\/types\/page"}],"author":[{"embeddable":true,"href":"https:\/\/www.asso-unil.ch\/caverne\/wp-json\/wp\/v2\/users\/1001080"}],"replies":[{"embeddable":true,"href":"https:\/\/www.asso-unil.ch\/caverne\/wp-json\/wp\/v2\/comments?post=1707"}],"version-history":[{"count":0,"href":"https:\/\/www.asso-unil.ch\/caverne\/wp-json\/wp\/v2\/pages\/1707\/revisions"}],"up":[{"embeddable":true,"href":"https:\/\/www.asso-unil.ch\/caverne\/wp-json\/wp\/v2\/pages\/3346"}],"wp:attachment":[{"href":"https:\/\/www.asso-unil.ch\/caverne\/wp-json\/wp\/v2\/media?parent=1707"}],"curies":[{"name":"wp","href":"https:\/\/api.w.org\/{rel}","templated":true}]}}