{"id":1690,"date":"2013-05-03T16:24:48","date_gmt":"2013-05-03T14:24:48","guid":{"rendered":"http:\/\/www.asso-unil.ch\/caverne\/?page_id=1690"},"modified":"2015-03-03T22:51:04","modified_gmt":"2015-03-03T21:51:04","slug":"conte","status":"publish","type":"page","link":"https:\/\/www.asso-unil.ch\/caverne\/projets\/projets-2013-2014\/conte\/","title":{"rendered":"Fukometekonte &#8211; Thomas Miauton"},"content":{"rendered":"<p><em>La g\u00e9n\u00e9alogie du d\u00e9sir de Foucault narr\u00e9e par La Bande \u00e0 Michel<\/em><\/p>\n<p style=\"text-align: justify\">Le projet de conter Foucault est n\u00e9 de la rencontre de Thomas Miauton avec l\u2019association des Ma\u00eetres de la Caverne. Il est entr\u00e9 dans cette association l\u2019ann\u00e9e derni\u00e8re lors du F\u00e9cule 2013 en tant que com\u00e9dien dans la pi\u00e8ce Bien ! mise en sc\u00e8ne par M. Groneberg. Cette ann\u00e9e, il a la volont\u00e9 d\u2019\u00e9crire et de mettre en sc\u00e8ne une pi\u00e8ce de son invention. Il profite de la pr\u00e9sence de Michel Toman pour la mise en sc\u00e8ne et de Sandra Korol pour l\u2019\u00e9criture. 2014 \u00e9tant le trenti\u00e8me anniversaire de la mort de Michel Foucault, il lui semble int\u00e9ressant de s\u2019attaquer \u00e0 son \u00ab histoire de la sexualit\u00e9 \u00bb. Il rencontre Ga\u00e9tan Jeantet, pianiste amateur, qui s\u2019int\u00e9resse \u00e9galement \u00e0 la th\u00e9matique \u00ab Col\u00e8re et d\u00e9sir \u00bb mais au travers de la musique. Ce spectacle, et cette troupe, est n\u00e9 de cette rencontre artistique.<\/p>\n<p>Lieu : La salle de spectacle<\/p>\n<p>Dur\u00e9e : 90 minutes<\/p>\n","protected":false},"excerpt":{"rendered":"<p>La g\u00e9n\u00e9alogie du d\u00e9sir de Foucault narr\u00e9e par La Bande \u00e0 Michel Le projet de conter Foucault est n\u00e9 de la rencontre de Thomas Miauton avec l\u2019association des Ma\u00eetres de [&hellip;]<\/p>\n","protected":false},"author":27,"featured_media":0,"parent":1620,"menu_order":9,"comment_status":"open","ping_status":"closed","template":"","meta":{"_seopress_robots_primary_cat":"","_seopress_titles_title":"","_seopress_titles_desc":"","_seopress_robots_index":"","footnotes":""},"class_list":["post-1690","page","type-page","status-publish"],"_links":{"self":[{"href":"https:\/\/www.asso-unil.ch\/caverne\/wp-json\/wp\/v2\/pages\/1690","targetHints":{"allow":["GET"]}}],"collection":[{"href":"https:\/\/www.asso-unil.ch\/caverne\/wp-json\/wp\/v2\/pages"}],"about":[{"href":"https:\/\/www.asso-unil.ch\/caverne\/wp-json\/wp\/v2\/types\/page"}],"author":[{"embeddable":true,"href":"https:\/\/www.asso-unil.ch\/caverne\/wp-json\/wp\/v2\/users\/27"}],"replies":[{"embeddable":true,"href":"https:\/\/www.asso-unil.ch\/caverne\/wp-json\/wp\/v2\/comments?post=1690"}],"version-history":[{"count":0,"href":"https:\/\/www.asso-unil.ch\/caverne\/wp-json\/wp\/v2\/pages\/1690\/revisions"}],"up":[{"embeddable":true,"href":"https:\/\/www.asso-unil.ch\/caverne\/wp-json\/wp\/v2\/pages\/1620"}],"wp:attachment":[{"href":"https:\/\/www.asso-unil.ch\/caverne\/wp-json\/wp\/v2\/media?parent=1690"}],"curies":[{"name":"wp","href":"https:\/\/api.w.org\/{rel}","templated":true}]}}