{"id":1479,"date":"2013-01-28T15:00:45","date_gmt":"2013-01-28T14:00:45","guid":{"rendered":"http:\/\/www.asso-unil.ch\/caverne\/?page_id=1479"},"modified":"2015-03-03T22:22:02","modified_gmt":"2015-03-03T21:22:02","slug":"20-fev","status":"publish","type":"page","link":"https:\/\/www.asso-unil.ch\/caverne\/banquets\/banquet-2012-2013\/20-fev\/","title":{"rendered":"Banquet du 20 f\u00e9vrier 2013"},"content":{"rendered":"<p>La rentr\u00e9e am\u00e8ne avec elle un nouveau banquet le 20 f\u00e9vrier \u00e0 18h au Foyer de la Grange de Dorigny. A moins de deux mois de l\u2019ouverture du Festival F\u00e9cule (12-14 avril), venez go\u00fbter \u00e0 ce qui se pr\u00e9pare et donner votre opinion sur les projets en cours. Pour ceux et celles que cela int\u00e9resse, nous cherchons encore des com\u00e9dien-ne-s pour certains des projets de th\u00e9\u00e2tre\u2026<\/p>\n<p>Les chef-fe-s de projet sont invit\u00e9-e-s \u00e0 faire le point sur l\u2019avanc\u00e9e de leurs productions cr\u00e9atives autour du th\u00e8me \u00ab Opsis: visions du futur \u2013 cultures de la vision \u00bb. O\u00f9 en est votre projet ? Que manque-t-il encore ? Quelles sont les difficult\u00e9s rencontr\u00e9es? Venez avec des choses \u00e0 raconter\/montrer de votre projet et ayez une id\u00e9e de ce qu\u2019on peut faire pour vous aider dans sa r\u00e9alisation.<\/p>\n<p>De notre c\u00f4t\u00e9, nous vous raconterons comment se pr\u00e9sentera l\u2019ouverture du Festival, qui pr\u00e9parera les soupes, et d\u2019autres petits secrets. Nous aurons le plaisir d\u2019accueillir pour ce banquet David Br\u00fclhart et Adrien Bordone, professionnels de l\u2019art visuel, qui partageront avec nous leur exp\u00e9rience. L\u2019entr\u00e9e \u00e0 la soir\u00e9e est libre et vous \u00eates invit\u00e9s \u00e0 y amener un petit quelque chose \u00e0 boire ou \u00e0 manger pour participer au diner canadien.<\/p>\n","protected":false},"excerpt":{"rendered":"<p>La rentr\u00e9e am\u00e8ne avec elle un nouveau banquet le 20 f\u00e9vrier \u00e0 18h au Foyer de la Grange de Dorigny. A moins de deux mois de l\u2019ouverture du Festival F\u00e9cule [&hellip;]<\/p>\n","protected":false},"author":27,"featured_media":0,"parent":3586,"menu_order":3,"comment_status":"closed","ping_status":"closed","template":"","meta":{"_seopress_robots_primary_cat":"","_seopress_titles_title":"","_seopress_titles_desc":"","_seopress_robots_index":"","footnotes":""},"class_list":["post-1479","page","type-page","status-publish"],"_links":{"self":[{"href":"https:\/\/www.asso-unil.ch\/caverne\/wp-json\/wp\/v2\/pages\/1479","targetHints":{"allow":["GET"]}}],"collection":[{"href":"https:\/\/www.asso-unil.ch\/caverne\/wp-json\/wp\/v2\/pages"}],"about":[{"href":"https:\/\/www.asso-unil.ch\/caverne\/wp-json\/wp\/v2\/types\/page"}],"author":[{"embeddable":true,"href":"https:\/\/www.asso-unil.ch\/caverne\/wp-json\/wp\/v2\/users\/27"}],"replies":[{"embeddable":true,"href":"https:\/\/www.asso-unil.ch\/caverne\/wp-json\/wp\/v2\/comments?post=1479"}],"version-history":[{"count":0,"href":"https:\/\/www.asso-unil.ch\/caverne\/wp-json\/wp\/v2\/pages\/1479\/revisions"}],"up":[{"embeddable":true,"href":"https:\/\/www.asso-unil.ch\/caverne\/wp-json\/wp\/v2\/pages\/3586"}],"wp:attachment":[{"href":"https:\/\/www.asso-unil.ch\/caverne\/wp-json\/wp\/v2\/media?parent=1479"}],"curies":[{"name":"wp","href":"https:\/\/api.w.org\/{rel}","templated":true}]}}