{"id":1448,"date":"2012-12-12T14:10:15","date_gmt":"2012-12-12T13:10:15","guid":{"rendered":"http:\/\/www.asso-unil.ch\/caverne\/?page_id=1448"},"modified":"2014-04-12T11:52:00","modified_gmt":"2014-04-12T09:52:00","slug":"bancratie-theatre-hybride-bertrand-graz","status":"publish","type":"page","link":"https:\/\/www.asso-unil.ch\/caverne\/projets\/projets-2012-2013\/projets\/bancratie-theatre-hybride-bertrand-graz\/","title":{"rendered":"Qui a peur de la crise ? (th\u00e9\u00e2tre hybride, Bertrand Graz)"},"content":{"rendered":"<p>Bankratie, 2083. Des ann\u00e9es apr\u00e8s la grande crise, la \u00ab\u00a0Grande d\u00e9bacle\u00a0\u00bb comme on l\u2019a appel\u00e9e. Le pays, ruin\u00e9, a d\u00fb demander de l\u2019aide \u00e9trang\u00e8re. Une Organisaton d\u2019entre-aide s\u2019est pr\u00e9sent\u00e9e, elle vient d\u2019un pays du Sud appel\u00e9 le Tatwela. Sous son influence. Les m\u0153urs ont bien chang\u00e9 en Bankratie, on s\u2019est tatwela\u00efs\u00e9.<\/p>\n<p>Un ethnologue de retour de Bankratie donne sa conf\u00e9rence. Il a ramen\u00e9 quelques indig\u00e8nes bankrates, des musiciens du Philharmonique et m\u00eame une esp\u00e8ce devenue rarissime\u00a0: des philosophes rescap\u00e9s de l\u2019antique \u00ab\u00a0Facult\u00e9 de Lettres\u00a0\u00bb qui ont maintenu, longtemps apr\u00e8s la disparition de l\u2019Universit\u00e9, une Facult\u00e9 clandestine de philosophie. Ils t\u00e9moignent de la situation en Bankratie en 2083 et apportent leur \u00e9clairage de vieillards rompus \u00e0 une philosophie devenue clandestine dans un monde tropicalis\u00e9 et post-technologique.<\/p>\n","protected":false},"excerpt":{"rendered":"<p>Bankratie, 2083. Des ann\u00e9es apr\u00e8s la grande crise, la \u00ab\u00a0Grande d\u00e9bacle\u00a0\u00bb comme on l\u2019a appel\u00e9e. Le pays, ruin\u00e9, a d\u00fb demander de l\u2019aide \u00e9trang\u00e8re. Une Organisaton d\u2019entre-aide s\u2019est pr\u00e9sent\u00e9e, elle [&hellip;]<\/p>\n","protected":false},"author":27,"featured_media":0,"parent":1120,"menu_order":0,"comment_status":"closed","ping_status":"closed","template":"","meta":{"_seopress_robots_primary_cat":"","_seopress_titles_title":"","_seopress_titles_desc":"","_seopress_robots_index":"","footnotes":""},"class_list":["post-1448","page","type-page","status-publish"],"_links":{"self":[{"href":"https:\/\/www.asso-unil.ch\/caverne\/wp-json\/wp\/v2\/pages\/1448","targetHints":{"allow":["GET"]}}],"collection":[{"href":"https:\/\/www.asso-unil.ch\/caverne\/wp-json\/wp\/v2\/pages"}],"about":[{"href":"https:\/\/www.asso-unil.ch\/caverne\/wp-json\/wp\/v2\/types\/page"}],"author":[{"embeddable":true,"href":"https:\/\/www.asso-unil.ch\/caverne\/wp-json\/wp\/v2\/users\/27"}],"replies":[{"embeddable":true,"href":"https:\/\/www.asso-unil.ch\/caverne\/wp-json\/wp\/v2\/comments?post=1448"}],"version-history":[{"count":0,"href":"https:\/\/www.asso-unil.ch\/caverne\/wp-json\/wp\/v2\/pages\/1448\/revisions"}],"up":[{"embeddable":true,"href":"https:\/\/www.asso-unil.ch\/caverne\/wp-json\/wp\/v2\/pages\/1120"}],"wp:attachment":[{"href":"https:\/\/www.asso-unil.ch\/caverne\/wp-json\/wp\/v2\/media?parent=1448"}],"curies":[{"name":"wp","href":"https:\/\/api.w.org\/{rel}","templated":true}]}}