{"id":1254,"date":"2012-09-13T12:03:55","date_gmt":"2012-09-13T10:03:55","guid":{"rendered":"http:\/\/www.asso-unil.ch\/caverne\/?page_id=1254"},"modified":"2014-04-12T11:48:41","modified_gmt":"2014-04-12T09:48:41","slug":"documentaire","status":"publish","type":"page","link":"https:\/\/www.asso-unil.ch\/caverne\/documentaire\/","title":{"rendered":"Documentaire : Le cycle sur le Savant et la Soci\u00e9t\u00e9"},"content":{"rendered":"<p>Ce reportage se penche sur le cycle Le Savant et la Soci\u00e9t\u00e9 (2011-2012), cr\u00e9\u00e9 et organis\u00e9 par Les Maitres de la Caverne :<\/p>\n<p><iframe loading=\"lazy\" title=\"Le Savant et la Soci\u00e9t\u00e9\" width=\"580\" height=\"326\" src=\"https:\/\/www.youtube.com\/embed\/rYi1j8tW4a0?feature=oembed\" frameborder=\"0\" allow=\"accelerometer; autoplay; clipboard-write; encrypted-media; gyroscope; picture-in-picture; web-share\" referrerpolicy=\"strict-origin-when-cross-origin\" allowfullscreen><\/iframe><\/p>\n","protected":false},"excerpt":{"rendered":"<p>Ce reportage se penche sur le cycle Le Savant et la Soci\u00e9t\u00e9 (2011-2012), cr\u00e9\u00e9 et organis\u00e9 par Les Maitres de la Caverne :<\/p>\n","protected":false},"author":27,"featured_media":0,"parent":0,"menu_order":4,"comment_status":"open","ping_status":"closed","template":"","meta":{"_seopress_robots_primary_cat":"","_seopress_titles_title":"","_seopress_titles_desc":"","_seopress_robots_index":"","footnotes":""},"class_list":["post-1254","page","type-page","status-publish"],"_links":{"self":[{"href":"https:\/\/www.asso-unil.ch\/caverne\/wp-json\/wp\/v2\/pages\/1254","targetHints":{"allow":["GET"]}}],"collection":[{"href":"https:\/\/www.asso-unil.ch\/caverne\/wp-json\/wp\/v2\/pages"}],"about":[{"href":"https:\/\/www.asso-unil.ch\/caverne\/wp-json\/wp\/v2\/types\/page"}],"author":[{"embeddable":true,"href":"https:\/\/www.asso-unil.ch\/caverne\/wp-json\/wp\/v2\/users\/27"}],"replies":[{"embeddable":true,"href":"https:\/\/www.asso-unil.ch\/caverne\/wp-json\/wp\/v2\/comments?post=1254"}],"version-history":[{"count":0,"href":"https:\/\/www.asso-unil.ch\/caverne\/wp-json\/wp\/v2\/pages\/1254\/revisions"}],"wp:attachment":[{"href":"https:\/\/www.asso-unil.ch\/caverne\/wp-json\/wp\/v2\/media?parent=1254"}],"curies":[{"name":"wp","href":"https:\/\/api.w.org\/{rel}","templated":true}]}}

Documentaire : Le cycle sur le Savant et la Société

<p>Ce reportage se penche sur le cycle Le Savant et la Société (2011-2012), créé et organisé par Les Maitres de la Caverne :</p>
<p><iframe loading="lazy" title="Le Savant et la Société" width="580" height="326" src="https://www.youtube.com/embed/rYi1j8tW4a0?feature=oembed" frameborder="0" allow="accelerometer; autoplay; clipboard-write; encrypted-media; gyroscope; picture-in-picture; web-share" referrerpolicy="strict-origin-when-cross-origin" allowfullscreen></iframe></p>

<p>Ce reportage se penche sur le cycle Le Savant et la Société (2011-2012), créé et organisé par Les Maitres de la Caverne :</p>
