{"id":743,"date":"2021-02-05T18:05:11","date_gmt":"2021-02-05T17:05:11","guid":{"rendered":"https:\/\/www.asso-unil.ch\/archipel\/?page_id=743"},"modified":"2021-02-05T18:07:18","modified_gmt":"2021-02-05T17:07:18","slug":"breves-danthropole-1987-2017","status":"publish","type":"page","link":"https:\/\/www.asso-unil.ch\/archipel\/breves-danthropole-1987-2017\/","title":{"rendered":"Br\u00e8ves d&rsquo;Anthropole (1987-2017)"},"content":{"rendered":"\n<p>A l\u2019occasion du trenti\u00e8me anniversaire du b\u00e2timent Anthropole (ex-BFSH2), figure embl\u00e9matique du campus de l\u2019Universit\u00e9 de Lausanne, Archipel publie un num\u00e9ro sp\u00e9cial!<\/p>\n\n\n\n<p>Invitant \u00e0 une promenade litt\u00e9raire dans l\u2019\u00e9difice, proposant pour chaque lieu un texte. De la fiction \u00e0 l\u2019anecdote en passant par la po\u00e9sie et le souvenir, ce sont ainsi pr\u00e8s de trente regards pos\u00e9s sur le b\u00e2timent. Une mani\u00e8re ainsi de faire parler ses murs, jug\u00e9s parfois un rien aust\u00e8res. L\u2019ouvrage est illustr\u00e9 d\u2019une s\u00e9rie de dessins in\u00e9dits de Mathilde Zbaeren.<\/p>\n\n\n\n<p>Tous les contributeurs, qu\u2019ils soient \u00e9crivains, enseignants, \u00e9tudiants, architectes, chercheurs, ont pour d\u00e9nominateur commun d\u2019avoir fr\u00e9quent\u00e9 l\u2019Anthropole. De cette connaissance intime des lieux ressortent des \u00e9pisodes parfois burlesques, parfois dramatiques, des clins d\u2019oeil du destin, des gr\u00e8ves, des peines, des espoirs, des s\u00e9minaires, des aspirations, des solitudes, des rencontres, des caf\u00e9s.<\/p>\n\n\n\n<p>Le num\u00e9ro est disponible en commande sur ce site, \u00e0 Lausanne dans les librairies Basta! et Payot.<\/p>\n\n\n\n<p><strong>Sommaire :<\/strong><\/p>\n\n\n\n<p>Nathalie Annen:<br><em>Premiers pas<\/em><br>Lorraine Mathey:<br><em>Vestibule<\/em><br>Claudine Gaetzi:<br><em>Scribes<\/em><br>Audrey Beeler:<br><em>1031<\/em><br>Blaise Hofmann:<br><em>Le Printemps de la Sorge<\/em><br>No\u00e9 Maggetti:<br><em>Caf\u00e9t\u00e9ria<\/em><br>C\u00e9cile Racine:<br><em>Cabines t\u00e9l\u00e9phoniques<\/em><br>Manon Samuel:<br><em>CAP<\/em><br>Gabriel Antunes:<br><em>CAP<\/em><br>Eug\u00e8ne:<br><em>2064. Une boucle d\u2019un quart de si\u00e8cle<\/em><br>Alain Boillat:<br><em>2056<\/em><br>Elodie Glerum:<br><em>2050. Inscription en bachelor<\/em><br>Quentin Mouron:<br><em>2024<\/em><br>Julien Burri:<br><em>X<\/em><br>Isabelle Falconnier:<br><em>Fiction propre<\/em><br>Stefano Christen:<br><em>OOOOOOO<\/em><br>Audric Wannaz:<br><em>Escaliers<\/em><br>Alessio Christen:<br><em>Niveau 4<\/em><br>Manon He?ritier:<br><em>4011<\/em><br>Nadine Richon:<br><em>Se croiser dans l\u2019escalier central est<\/em><br>Colin Pahlisch:<br><em>L\u00e9vi attend<\/em><br>Adrien Gaillard:<br><em>4165 ou l\u2019entropie selon Miche?le<\/em><br>Valentine Bovey:<br><em>Hubert Sims<\/em><br>Gae?lle Kovaliv:<br><em>Les Contestataires du monte-charge<\/em><br>Jean-Luc Thibaud:<br><em>Anthropole<\/em><br>Vanessa Diener:<br><em>Niveau 6<\/em><br>Adrien Bu?rki:<br><em>0168<\/em><\/p>\n\n\n\n<p>Illustrations : Mathilde Zbaeren<\/p>\n","protected":false},"excerpt":{"rendered":"<p>A l\u2019occasion du trenti\u00e8me anniversaire du b\u00e2timent Anthropole (ex-BFSH2), figure embl\u00e9matique du campus de l\u2019Universit\u00e9 de Lausanne, Archipel publie un num\u00e9ro sp\u00e9cial! Invitant \u00e0 une promenade litt\u00e9raire dans&hellip;<\/p>\n","protected":false},"author":1001136,"featured_media":0,"parent":0,"menu_order":0,"comment_status":"closed","ping_status":"closed","template":"","meta":{"_seopress_robots_primary_cat":"","_seopress_titles_title":"","_seopress_titles_desc":"","_seopress_robots_index":"","footnotes":""},"class_list":["post-743","page","type-page","status-publish","has-post-thumbnail"],"_links":{"self":[{"href":"https:\/\/www.asso-unil.ch\/archipel\/wp-json\/wp\/v2\/pages\/743","targetHints":{"allow":["GET"]}}],"collection":[{"href":"https:\/\/www.asso-unil.ch\/archipel\/wp-json\/wp\/v2\/pages"}],"about":[{"href":"https:\/\/www.asso-unil.ch\/archipel\/wp-json\/wp\/v2\/types\/page"}],"author":[{"embeddable":true,"href":"https:\/\/www.asso-unil.ch\/archipel\/wp-json\/wp\/v2\/users\/1001136"}],"replies":[{"embeddable":true,"href":"https:\/\/www.asso-unil.ch\/archipel\/wp-json\/wp\/v2\/comments?post=743"}],"version-history":[{"count":0,"href":"https:\/\/www.asso-unil.ch\/archipel\/wp-json\/wp\/v2\/pages\/743\/revisions"}],"wp:attachment":[{"href":"https:\/\/www.asso-unil.ch\/archipel\/wp-json\/wp\/v2\/media?parent=743"}],"curies":[{"name":"wp","href":"https:\/\/api.w.org\/{rel}","templated":true}]}}