{"id":6,"date":"2010-10-28T22:29:21","date_gmt":"2010-10-28T20:29:21","guid":{"rendered":"http:\/\/www3.unil.ch\/wpmu\/archipel\/"},"modified":"2026-03-30T11:16:47","modified_gmt":"2026-03-30T09:16:47","slug":"les-revues-heureuses-nont-pas-dhistoire","status":"publish","type":"page","link":"https:\/\/www.asso-unil.ch\/archipel\/","title":{"rendered":""},"content":{"rendered":"\n<h2 class=\"wp-block-heading\">Les revues heureuses n&rsquo;ont pas d&rsquo;histoire<\/h2>\n\n\n\n<p>La revue est n\u00e9e en 1990. Elle fit suite \u00e0 un projet tr\u00e8s t\u00f4t avort\u00e9, <em>Autogriffes<\/em>, dont parurent deux ou trois num\u00e9ros dans le cadre de l&rsquo;Universit\u00e9. Cet \u00e9lan ayant \u00e9t\u00e9 amorc\u00e9, des \u00e9tudiant\u00b7e\u00b7s trouv\u00e8rent dommage de renoncer \u00e0 cet espace ouvert pour l&rsquo;\u00e9criture litt\u00e9raire, et s&rsquo;attel\u00e8rent \u00e0 fonder une nouvelle revue, sur des bases plus solides et pour un plus long terme. Ainsi, par allusion \u00e0 la \u00ab parole en archipel \u00bb de Ren\u00e9 Char, <em>Archipel<\/em> fut lanc\u00e9e.<\/p>\n\n\n\n<p>De floril\u00e8ge de textes po\u00e9tiques re\u00e7us au hasard des envois, <em>Archipel<\/em> est devenue une livraison articul\u00e9e autour d&rsquo;un th\u00e8me: le fait divers, le r\u00e9cit de guerre, l&rsquo;\u00e9criture de l&rsquo;architecture ; plus r\u00e9cemment, le complot, le champignon, le fan.<\/p>\n\n\n\n<p>D\u00e8s 1995, la revue a accueilli les textes des laur\u00e9at\u00b7e\u00b7s du prix litt\u00e9raire de la Sorge, destin\u00e9 chaque ann\u00e9e \u00e0 distinguer de jeunes plumes inscrites dans les universit\u00e9s de Lausanne et des environs. Depuis 2024, la revue publie des textes cr\u00e9\u00e9s en atelier litt\u00e9raire, anim\u00e9s par J\u00e9r\u00f4me Meizoz et Anne-Lise Delacr\u00e9taz.<\/p>\n\n\n\n<h2 class=\"wp-block-heading\">Les aspirations de la revue<\/h2>\n\n\n\n<p>La litt\u00e9rature n&rsquo;est jamais pour nous une certitude, ni une routine, ni un objet, mais une exp\u00e9rience souvent f\u00e9conde et parfois d\u00e9routante. Aussi cette interrogation est-elle une sorte de garde-fou contre les somnolences satisfaites, en m\u00eame temps qu&rsquo;une invitation \u00e0 \u00ab \u00e9prouver \u00bb encore la litt\u00e9rature :<\/p>\n\n\n\n<p>Dans le foisonnement de ses genres \u2013 nous continuerons ainsi \u00e0 nous ouvrir sans pr\u00e9f\u00e9rence \u00e0 la nouvelle, \u00e0 la po\u00e9sie, au th\u00e9\u00e2tre, \u00e0 l&rsquo;aphorisme ou \u00e0 l&rsquo;essai.<\/p>\n\n\n\n<p>Dans le flou de ses fronti\u00e8res \u2013 nous consacrerons les num\u00e9ros \u00e0 des th\u00e8mes au carrefour des disciplines, dans des rapprochements p\u00e9rilleux, insoup\u00e7onn\u00e9s et fertiles.<\/p>\n\n\n\n<p>Dans l&rsquo;indiff\u00e9rence des hi\u00e9rarchies \u00e9tablies et des prestiges convenus \u2013 nous maintiendrons cette exigence de faire se c\u00f4toyer, dans une revue confortable et rigoureuse, les \u00e9crivain\u00b7e\u00b7s reconnu\u00b7e\u00b7s et les d\u00e9butant\u00b7e\u00b7s jamais encore publi\u00e9\u00b7e\u00b7s.<\/p>\n\n\n\n<p>Dans le laboratoire fascinant o\u00f9 m\u00fbrissent les vocations \u2013 nous esp\u00e9rons nous nourrir encore de cette joie de suivre des auteur\u00b7ice\u00b7s dont la voix se pr\u00e9cise au fil des num\u00e9ros, et dont le talent d&rsquo;abord t\u00e2tonnant s&rsquo;affermit et gagne tout \u00e0 coup ses lecteur\u00b7ice\u00b7s.<\/p>\n\n\n\n<p>Dans la prise en compte des ressources diff\u00e9renci\u00e9es de nos lecteur\u00b7ice\u00b7s \u2013 notre politique de prix ne changera pas dans son principe : prix bas pour les \u00e9tudiant\u00b7e\u00b7s dont nous publions r\u00e9guli\u00e8rement des textes et prix mod\u00e9r\u00e9s pour les amateur\u00b7ice\u00b7s d&rsquo;horizons divers.<\/p>\n\n\n<div class=\"wp-block-image\">\n<figure class=\"aligncenter size-large\"><a href=\"https:\/\/www.asso-unil.ch\/archipel\/files\/2026\/02\/ile.png\"><img alt=\"\" loading=\"lazy\" decoding=\"async\" width=\"1024\" height=\"724\" src=\"https:\/\/www.asso-unil.ch\/archipel\/files\/2026\/02\/ile-1024x724.png\" alt=\"\" class=\"wp-image-4014\" srcset=\"https:\/\/www.asso-unil.ch\/archipel\/files\/2026\/02\/ile-1024x724.png 1024w, https:\/\/www.asso-unil.ch\/archipel\/files\/2026\/02\/ile-300x212.png 300w, https:\/\/www.asso-unil.ch\/archipel\/files\/2026\/02\/ile-768x543.png 768w, https:\/\/www.asso-unil.ch\/archipel\/files\/2026\/02\/ile-1536x1086.png 1536w, https:\/\/www.asso-unil.ch\/archipel\/files\/2026\/02\/ile-540x382.png 540w, https:\/\/www.asso-unil.ch\/archipel\/files\/2026\/02\/ile-1080x764.png 1080w, https:\/\/www.asso-unil.ch\/archipel\/files\/2026\/02\/ile.png 1697w\" sizes=\"auto, (max-width: 1024px) 100vw, 1024px\" \/><\/a><\/figure>\n<\/div>\n\n\n<p class=\"has-text-align-right has-small-font-size\"><em><sup>Illustrations num\u00e9riques cr\u00e9\u00e9es sur Affinity Designer<\/sup><\/em><\/p>\n","protected":false},"excerpt":{"rendered":"<p>Les revues heureuses n&rsquo;ont pas d&rsquo;histoire La revue est n\u00e9e en 1990. Elle fit suite \u00e0 un projet tr\u00e8s t\u00f4t avort\u00e9, Autogriffes, dont parurent deux ou trois num\u00e9ros&hellip;<\/p>\n","protected":false},"author":11,"featured_media":4326,"parent":0,"menu_order":1,"comment_status":"closed","ping_status":"closed","template":"template-full-width-cover.php","meta":{"_seopress_robots_primary_cat":"","_seopress_titles_title":"","_seopress_titles_desc":"","_seopress_robots_index":"","footnotes":""},"class_list":["post-6","page","type-page","status-publish","has-post-thumbnail"],"_links":{"self":[{"href":"https:\/\/www.asso-unil.ch\/archipel\/wp-json\/wp\/v2\/pages\/6","targetHints":{"allow":["GET"]}}],"collection":[{"href":"https:\/\/www.asso-unil.ch\/archipel\/wp-json\/wp\/v2\/pages"}],"about":[{"href":"https:\/\/www.asso-unil.ch\/archipel\/wp-json\/wp\/v2\/types\/page"}],"author":[{"embeddable":true,"href":"https:\/\/www.asso-unil.ch\/archipel\/wp-json\/wp\/v2\/users\/11"}],"replies":[{"embeddable":true,"href":"https:\/\/www.asso-unil.ch\/archipel\/wp-json\/wp\/v2\/comments?post=6"}],"version-history":[{"count":5,"href":"https:\/\/www.asso-unil.ch\/archipel\/wp-json\/wp\/v2\/pages\/6\/revisions"}],"predecessor-version":[{"id":4409,"href":"https:\/\/www.asso-unil.ch\/archipel\/wp-json\/wp\/v2\/pages\/6\/revisions\/4409"}],"wp:featuredmedia":[{"embeddable":true,"href":"https:\/\/www.asso-unil.ch\/archipel\/wp-json\/wp\/v2\/media\/4326"}],"wp:attachment":[{"href":"https:\/\/www.asso-unil.ch\/archipel\/wp-json\/wp\/v2\/media?parent=6"}],"curies":[{"name":"wp","href":"https:\/\/api.w.org\/{rel}","templated":true}]}}