{"id":46,"date":"2010-10-28T22:49:06","date_gmt":"2010-10-28T20:49:06","guid":{"rendered":"http:\/\/www3.unil.ch\/wpmu\/archipel\/"},"modified":"2019-06-24T10:09:33","modified_gmt":"2019-06-24T08:09:33","slug":"g-l","status":"publish","type":"page","link":"https:\/\/www.asso-unil.ch\/archipel\/les-auteurs-publies\/g-l\/","title":{"rendered":"G-L"},"content":{"rendered":"<table border=\"1\" cellspacing=\"0\" cellpadding=\"2\" width=\"100%\">\n<tbody>\n<tr>\n<td valign=\"top\">Gaetzi<\/td>\n<td valign=\"top\">Claudine<\/td>\n<td valign=\"top\">Conte ordinaire<\/td>\n<td valign=\"top\">No 30, Contes, d\u00e9cembre 2008<\/td>\n<\/tr>\n<tr>\n<td valign=\"top\">Gaetzi<\/td>\n<td valign=\"top\">Claudine<\/td>\n<td valign=\"top\">Jardin urbain<\/td>\n<td valign=\"top\">No 31, La Ville en ce jardin, juillet 2009<\/td>\n<\/tr>\n<tr>\n<td valign=\"top\">Gallaz<\/td>\n<td valign=\"top\">Christophe<\/td>\n<td valign=\"top\">Ainsi rena\u00eetrons-nous au coeur du monde<\/td>\n<td valign=\"top\">No 4, Litt\u00e9rature et faits divers, d\u00e9cembre 1991<\/td>\n<\/tr>\n<tr>\n<td valign=\"top\">Gallup<\/td>\n<td valign=\"top\">Sandro<\/td>\n<td valign=\"top\">Barthes : \u00ab vous avez dit faits divers, Sciascia ? \u00bb<\/td>\n<td valign=\"top\">No 4, Litt\u00e9rature et faits divers, d\u00e9cembre 1991<\/td>\n<\/tr>\n<tr>\n<td valign=\"top\">Gandois<\/td>\n<td valign=\"top\">B\u00e9n\u00e9dicte<\/td>\n<td valign=\"top\">Mane Aestate decedante<\/td>\n<td valign=\"top\">No 27, Moiti\u00e9-moiti\u00e9, d\u00e9cembre 2005<\/td>\n<\/tr>\n<tr>\n<td width=\"123\" valign=\"top\">Garzarolli<\/td>\n<td width=\"123\" valign=\"top\">Richard<\/td>\n<td width=\"359\" valign=\"top\">Une litt\u00e9rature gay est-elle possible en Suisse romande?<\/td>\n<td valign=\"top\">No 23, Homographies, juin 2003<\/td>\n<\/tr>\n<tr>\n<td valign=\"top\">Gauvin<\/td>\n<td valign=\"top\">Laurence<\/td>\n<td valign=\"top\">P\u00e9ril en la demeure<\/td>\n<td valign=\"top\">No 29, Clos-de-la-Sorge, f\u00e9vrier 2008<\/td>\n<\/tr>\n<tr>\n<td width=\"123\" valign=\"top\">Genillard<\/td>\n<td width=\"123\" valign=\"top\">David<\/td>\n<td width=\"359\" valign=\"top\">Et vidit quod esset bonum<\/td>\n<td valign=\"top\">No 26, Fruits d\u00e9fendus, novembre 2004<\/td>\n<\/tr>\n<tr>\n<td valign=\"top\">Genoux<\/td>\n<td valign=\"top\">Claire<\/td>\n<td valign=\"top\">Miroirs bris\u00e9s<\/td>\n<td valign=\"top\">No 3, Hommage \u00e0 Jean-Charles Potterat, mai 1991<\/td>\n<\/tr>\n<tr>\n<td valign=\"top\">Genoux<\/td>\n<td valign=\"top\">Claire<\/td>\n<td valign=\"top\">Trace ouverte<\/td>\n<td valign=\"top\">No 6-7, Soyons brefs, f\u00e9vrier 1993<\/td>\n<\/tr>\n<tr>\n<td valign=\"top\">Genoux<\/td>\n<td valign=\"top\">Claire<\/td>\n<td valign=\"top\">La parole ficel\u00e9e<\/td>\n<td valign=\"top\">No 11-12, Prix de la Sorge 1995, f\u00e9vrier 1996<\/td>\n<\/tr>\n<tr>\n<td valign=\"top\">Genoux<\/td>\n<td valign=\"top\">Claire<\/td>\n<td valign=\"top\">Six po\u00e8mes pour le chat<\/td>\n<td valign=\"top\">No 13, Prix de la Sorge 1996, mai 1997<\/td>\n<\/tr>\n<tr>\n<td valign=\"top\">Genoux<\/td>\n<td valign=\"top\">Claire<\/td>\n<td valign=\"top\">Le conte du Chat<\/td>\n<td valign=\"top\">No 16, Sans titre, juin 1999<\/td>\n<\/tr>\n<tr>\n<td valign=\"top\">Genoux<\/td>\n<td valign=\"top\">Claire<\/td>\n<td valign=\"top\">Lire pour \u00eatre libre<\/td>\n<td valign=\"top\">No 19, A quoi bon la litt\u00e9rature?, d\u00e9cembre 2000<\/td>\n<\/tr>\n<tr>\n<td valign=\"top\">Gerber<\/td>\n<td valign=\"top\">Pascal<\/td>\n<td valign=\"top\">La survenue des choses<\/td>\n<td valign=\"top\">No 29, Clos-de-la-Sorge, f\u00e9vrier 2008<\/td>\n<\/tr>\n<tr>\n<td valign=\"top\">Gessler<\/td>\n<td valign=\"top\">Vincent<\/td>\n<td valign=\"top\">La d\u00e9esse blanche<\/td>\n<td valign=\"top\">No 24, \u00celes sur le toit du monde, novembre 2003<\/td>\n<\/tr>\n<tr>\n<td valign=\"top\">Gilbert<\/td>\n<td valign=\"top\">Julie<\/td>\n<td valign=\"top\">Esajas<\/td>\n<td valign=\"top\">No 17, Prix de la Sorge 1998, novembre 1999<\/td>\n<\/tr>\n<tr>\n<td valign=\"top\">Gilbert<\/td>\n<td valign=\"top\">Julie<\/td>\n<td valign=\"top\">Carnet de travail<\/td>\n<td valign=\"top\">No 40, Titre de travail, 2018<\/td>\n<\/tr>\n<tr>\n<td valign=\"top\">Giovannoni<\/td>\n<td valign=\"top\">Jean-Louis<\/td>\n<td valign=\"top\">De la n\u00e9cessit\u00e9 d&rsquo;\u00eatre bref<\/td>\n<td valign=\"top\">No 6-7, Soyons brefs, f\u00e9vrier 1993<\/td>\n<\/tr>\n<tr>\n<td valign=\"top\">Glassey<\/td>\n<td valign=\"top\">Vincianne<\/td>\n<td valign=\"top\">La douce-am\u00e8re<\/td>\n<td valign=\"top\">No 17, Prix de la Sorge 1998, novembre 1999<\/td>\n<\/tr>\n<tr>\n<td valign=\"top\">Glerum<\/td>\n<td valign=\"top\">Elodie<\/td>\n<td valign=\"top\">Les soeurs de Laroch<\/td>\n<td valign=\"top\">No 30, Contes, d\u00e9cembre 2008<\/td>\n<\/tr>\n<tr>\n<td valign=\"top\">Golay<\/td>\n<td valign=\"top\">Pascal<\/td>\n<td valign=\"top\">La prison de l&rsquo;\u00e2me<\/td>\n<td valign=\"top\">No 17, Prix de la Sorge 1998, novembre 1999<\/td>\n<\/tr>\n<tr>\n<td valign=\"top\">Gomez Rodriguez<\/td>\n<td valign=\"top\">Concepci\u00f3n<\/td>\n<td valign=\"top\">La tante Olivia<\/td>\n<td valign=\"top\">No 13, Prix de la Sorge 1996, mai 1997<\/td>\n<\/tr>\n<tr>\n<td width=\"123\" valign=\"top\">Gornik<\/td>\n<td width=\"123\" valign=\"top\">Kararzyna<\/td>\n<td width=\"359\" valign=\"top\">Un coiffeur \u00e0 L.<\/td>\n<td valign=\"top\">No 21, Saveurs de l&rsquo;esquisse, d\u00e9cembre 2001<\/td>\n<\/tr>\n<tr>\n<td valign=\"top\">Graf<\/td>\n<td valign=\"top\">Marion<\/td>\n<td valign=\"top\">Deux jeunes po\u00e8tes p\u00e9tersbourgeois<\/td>\n<td valign=\"top\">No 19, A quoi bon la litt\u00e9rature?, d\u00e9cembre 2000<\/td>\n<\/tr>\n<tr>\n<td valign=\"top\">Grau<\/td>\n<td valign=\"top\">Cristina<\/td>\n<td valign=\"top\">L&rsquo;architecturisation de la litt\u00e9rature<\/td>\n<td valign=\"top\">No 9, Ecritures et architectures, d\u00e9cembre 1994<\/td>\n<\/tr>\n<tr>\n<td valign=\"top\">Graz<\/td>\n<td valign=\"top\">Bertrand<\/td>\n<td valign=\"top\">Boullotton, \u00e2me \u00e9lectronique<\/td>\n<td valign=\"top\">No 24, \u00celes sur le toit du monde, novembre 2003<\/td>\n<\/tr>\n<tr>\n<td valign=\"top\">Grosjean<\/td>\n<td valign=\"top\">Jean<\/td>\n<td valign=\"top\">Po\u00e8mes<\/td>\n<td valign=\"top\">No 6-7, Soyons brefs, f\u00e9vrier 1993<\/td>\n<\/tr>\n<tr>\n<td valign=\"top\">Grouix<\/td>\n<td valign=\"top\">Pierre<\/td>\n<td valign=\"top\">Sentiment du ch\u00e8vrefeuille<\/td>\n<td valign=\"top\">No 16, Sans titre, juin 1999<\/td>\n<\/tr>\n<tr>\n<td valign=\"top\">Grouix<\/td>\n<td valign=\"top\">Pierre<\/td>\n<td valign=\"top\">Navire n\u00b0 3<\/td>\n<td valign=\"top\">No 16, Sans titre, juin 1999<\/td>\n<\/tr>\n<tr>\n<td valign=\"top\">Guignard<\/td>\n<td valign=\"top\">Christophe<\/td>\n<td valign=\"top\">Th\u00e9(\u00f4)ros and Th(e)\u00f4ria<\/td>\n<td valign=\"top\">No 9, Ecritures et architectures, d\u00e9cembre 1994<\/td>\n<\/tr>\n<tr>\n<td valign=\"top\">Gyger<\/td>\n<td valign=\"top\">Patrick<\/td>\n<td valign=\"top\">Un Archipel du r\u00eave?<\/td>\n<td valign=\"top\">No 24, \u00celes sur le toit du monde, novembre 2003<\/td>\n<\/tr>\n<tr>\n<td colspan=\"4\" valign=\"top\"><\/td>\n<\/tr>\n<tr>\n<td valign=\"top\">Hack<\/td>\n<td valign=\"top\">Pierre<\/td>\n<td valign=\"top\">Langage, nature, vrai, philosophie, peinture : Diderot<\/td>\n<td valign=\"top\">No 10, Eppur si scrive, \u00e9critures philosophiques, mai 1995<\/td>\n<\/tr>\n<tr>\n<td valign=\"top\">Haldas<\/td>\n<td valign=\"top\">Georges<\/td>\n<td valign=\"top\">Venu pour dire<\/td>\n<td valign=\"top\">No 3, Hommage \u00e0 Jean-Charles Potterat, mai 1991<\/td>\n<\/tr>\n<tr>\n<td valign=\"top\">Haldimann<\/td>\n<td valign=\"top\">David<\/td>\n<td valign=\"top\">Amandine et les fourmis malodorantes<\/td>\n<td valign=\"top\">No 22, Floraisons, janvier 2003<\/td>\n<\/tr>\n<tr>\n<td valign=\"top\">Heger<\/td>\n<td valign=\"top\">Julie<\/td>\n<td valign=\"top\">La Ligne huit de l&rsquo;autobus de Caen<\/td>\n<td valign=\"top\">No 40, Titre de travail, 2018<\/td>\n<\/tr>\n<tr>\n<td valign=\"top\">Heidmann<\/td>\n<td valign=\"top\">Ute<\/td>\n<td valign=\"top\">Une recherche interdisciplinaire sur la textualit\u00e9 et l&rsquo;intertextualit\u00e9 des contes<\/td>\n<td valign=\"top\">No 30, Contes, d\u00e9cembre 2008<\/td>\n<\/tr>\n<tr>\n<td valign=\"top\">Henoch<\/td>\n<td valign=\"top\">Julie<\/td>\n<td valign=\"top\">L&rsquo;homme-nuit<\/td>\n<td valign=\"top\">No 29, Clos-de-la-Sorge, f\u00e9vrier 2008<\/td>\n<\/tr>\n<tr>\n<td valign=\"top\">Hirzel<\/td>\n<td valign=\"top\">Alexandre<\/td>\n<td valign=\"top\">Chillon<\/td>\n<td valign=\"top\">No 11-12, Prix de la Sorge 1995, f\u00e9vrier 1996<\/td>\n<\/tr>\n<tr>\n<td valign=\"top\">Hirzel<\/td>\n<td valign=\"top\">Alexandre<\/td>\n<td valign=\"top\">La faille<\/td>\n<td valign=\"top\">No 13, Prix de la Sorge 1996, mai 1997<\/td>\n<\/tr>\n<tr>\n<td valign=\"top\">Hirzel<\/td>\n<td valign=\"top\">Alexandre<\/td>\n<td valign=\"top\">La faille<\/td>\n<td valign=\"top\">No 18, Prix de la Sorge 1999, avril 2000<\/td>\n<\/tr>\n<tr>\n<td valign=\"top\">Huber<\/td>\n<td valign=\"top\">Gauthier<\/td>\n<td valign=\"top\">Fin de si\u00e8cle<\/td>\n<td valign=\"top\">No 15, Prix de la Sorge 1997, novembre 1998<\/td>\n<\/tr>\n<tr>\n<td valign=\"top\">Hunziker<\/td>\n<td valign=\"top\">Pierre-Yves<\/td>\n<td valign=\"top\">Remarques sur le style en philosophie<\/td>\n<td valign=\"top\">No 3, Hommage \u00e0 Jean-Charles Potterat, mai 1991<\/td>\n<\/tr>\n<tr>\n<td valign=\"top\">Hunziker<\/td>\n<td valign=\"top\">Pierre-Yves<\/td>\n<td valign=\"top\">Ch. S. Pierce, une pens\u00e9e entre \u00e9criture et images<\/td>\n<td valign=\"top\">No 10, Eppur si scrive, \u00e9critures philosophiques, mai 1995<\/td>\n<\/tr>\n<tr>\n<td colspan=\"4\" valign=\"top\"><\/td>\n<\/tr>\n<tr>\n<td valign=\"top\">I<\/td>\n<td valign=\"top\"><\/td>\n<td valign=\"top\"><\/td>\n<td valign=\"top\"><\/td>\n<\/tr>\n<tr>\n<td colspan=\"4\" valign=\"top\"><\/td>\n<\/tr>\n<tr>\n<td valign=\"top\">Jaccaud<\/td>\n<td valign=\"top\">Fr\u00e9d\u00e9ric<\/td>\n<td valign=\"top\">L&rsquo;animal de compagnie<\/td>\n<td valign=\"top\">No 24, \u00celes sur le toit du monde, novembre 2003<\/td>\n<\/tr>\n<tr>\n<td valign=\"top\">Jaccottet<\/td>\n<td valign=\"top\">Philippe<\/td>\n<td valign=\"top\">Deux notes de 1987<\/td>\n<td valign=\"top\">No 3, Hommage \u00e0 Jean-Charles Potterat, mai 1991<\/td>\n<\/tr>\n<tr>\n<td valign=\"top\">Jakubek<\/td>\n<td valign=\"top\">Doris<\/td>\n<td valign=\"top\">Complicit\u00e9s<\/td>\n<td valign=\"top\">No 3, Hommage \u00e0 Jean-Charles Potterat, mai 1991<\/td>\n<\/tr>\n<tr>\n<td valign=\"top\">Jaunin<\/td>\n<td valign=\"top\">Dimitri<\/td>\n<td valign=\"top\">L&rsquo;Instant Originel<\/td>\n<td valign=\"top\">No 29, Clos-de-la-Sorge, f\u00e9vrier 2008<\/td>\n<\/tr>\n<tr>\n<td valign=\"top\">Jeanneret<\/td>\n<td valign=\"top\">Claude<\/td>\n<td valign=\"top\">Le Cl\u00e9zio, l&rsquo;approche anthropologique d&rsquo;un faits divers<\/td>\n<td valign=\"top\">No 4, Litt\u00e9rature et faits divers, d\u00e9cembre 1991<\/td>\n<\/tr>\n<tr>\n<td valign=\"top\">Jeannet<\/td>\n<td valign=\"top\">Aline<\/td>\n<td valign=\"top\">Une ville<\/td>\n<td valign=\"top\">No 25, Confluences, janvier 2004<\/td>\n<\/tr>\n<tr>\n<td valign=\"top\">Jost<\/td>\n<td valign=\"top\">Sarah<\/td>\n<td valign=\"top\">Les couvreurs tombent aussi de leur toit<\/td>\n<td valign=\"top\">No 29, Clos-de-la-Sorge, f\u00e9vrier 2008<\/td>\n<\/tr>\n<tr>\n<td valign=\"top\">Jourdan<\/td>\n<td valign=\"top\">Pierre-Albert<\/td>\n<td valign=\"top\">Exercices d&rsquo;assouplissement<\/td>\n<td valign=\"top\">No 6-7, Soyons brefs, f\u00e9vrier 1993<\/td>\n<\/tr>\n<tr>\n<td width=\"123\" valign=\"top\">Jung<\/td>\n<td width=\"123\" valign=\"top\">Cy<\/td>\n<td width=\"359\" valign=\"top\">Comment lui dire?<\/td>\n<td valign=\"top\">No 23, Homographies, juin 2003<\/td>\n<\/tr>\n<tr>\n<td colspan=\"4\" valign=\"top\"><\/td>\n<\/tr>\n<tr>\n<td valign=\"top\">K\u00e6mpfer<\/td>\n<td valign=\"top\">Jean<\/td>\n<td valign=\"top\">Le g\u00e9nie et le calcul<\/td>\n<td valign=\"top\">No 8, R\u00e9cits de guerre, f\u00e9vrier 1994<\/td>\n<\/tr>\n<tr>\n<td valign=\"top\">K\u00e6mpfer<\/td>\n<td valign=\"top\">Jean<\/td>\n<td valign=\"top\">Pierre Michon, le T\u00e9moin (pr\u00e9c\u00e9d\u00e9 d&rsquo;un prologue)<\/td>\n<td valign=\"top\">No 19, A quoi bon la litt\u00e9rature?, d\u00e9cembre 2000<\/td>\n<\/tr>\n<tr>\n<td valign=\"top\">Kaempfer<\/td>\n<td valign=\"top\">Jean<\/td>\n<td valign=\"top\">Style et violence dans \u00d4 dingos, \u00f4 ch\u00e2teaux de Jean-Patrick Manchette (avec un prologue)<\/td>\n<td valign=\"top\">No 28. Sous scell\u00e9s, juin 2007<\/td>\n<\/tr>\n<tr>\n<td valign=\"top\">Koch<\/td>\n<td valign=\"top\">Simon<\/td>\n<td valign=\"top\">La machine<\/td>\n<td valign=\"top\">No 24, \u00celes sur le toit du monde, novembre 2003<\/td>\n<\/tr>\n<tr>\n<td valign=\"top\">Koch<\/td>\n<td valign=\"top\">Simon<\/td>\n<td valign=\"top\">Memento<\/td>\n<td valign=\"top\">No 27, Moiti\u00e9-moiti\u00e9, d\u00e9cembre 2005<\/td>\n<\/tr>\n<tr>\n<td valign=\"top\">Kun<\/td>\n<td valign=\"top\">Arpad<\/td>\n<td valign=\"top\">Le couple<\/td>\n<td valign=\"top\">No 16, Sans titre, juin 1999<\/td>\n<\/tr>\n<tr>\n<td valign=\"top\">Kun<\/td>\n<td valign=\"top\">Arpad<\/td>\n<td valign=\"top\">Une semaine de mariage<\/td>\n<td valign=\"top\">No 16, Sans titre, juin 1999<\/td>\n<\/tr>\n<tr>\n<td valign=\"top\">Kun<\/td>\n<td valign=\"top\">Arpad<\/td>\n<td valign=\"top\">M\u00e9dard chante<\/td>\n<td valign=\"top\">No 16, Sans titre, juin 1999<\/td>\n<\/tr>\n<tr>\n<td colspan=\"4\" valign=\"top\"><\/td>\n<\/tr>\n<tr>\n<td valign=\"top\">La chance<\/td>\n<td valign=\"top\">Brooks T.<\/td>\n<td valign=\"top\">La parole p\u00e9r\u00e9grine<\/td>\n<td valign=\"top\">No 4, Litt\u00e9rature et faits divers, d\u00e9cembre 1991<\/td>\n<\/tr>\n<tr>\n<td valign=\"top\">La Chance<\/td>\n<td valign=\"top\">Brooks<\/td>\n<td valign=\"top\">Le secret<\/td>\n<td valign=\"top\">No 5, H\u00e9t\u00e9rotisme, mai 1992<\/td>\n<\/tr>\n<tr>\n<td valign=\"top\">Laruelle<\/td>\n<td valign=\"top\">Fran\u00e7ois<\/td>\n<td valign=\"top\">Th\u00e9or\u00e8me sur l&rsquo;idiome de l&rsquo;Un<\/td>\n<td valign=\"top\">No 10, Eppur si scrive, \u00e9critures philosophiques, mai 1995<\/td>\n<\/tr>\n<tr>\n<td valign=\"top\">Laus<\/td>\n<td valign=\"top\">Thierry<\/td>\n<td valign=\"top\">Lettre ouverte \u00e0 Jean-Marie Le Pen sur un bord du L\u00e9man<\/td>\n<td valign=\"top\">No 15, Prix de la Sorge 1997, novembre 1998<\/td>\n<\/tr>\n<tr>\n<td valign=\"top\">Laus<\/td>\n<td valign=\"top\">Thierry<\/td>\n<td valign=\"top\">Sorge \u00e0 nouveau corporante<\/td>\n<td valign=\"top\">No 18, Prix de la Sorge 1999, avril 2000<\/td>\n<\/tr>\n<tr>\n<td valign=\"top\">Layaz<\/td>\n<td valign=\"top\">Michel<\/td>\n<td valign=\"top\">Sortie de secours<\/td>\n<td valign=\"top\">No 11-12, Prix de la Sorge 1995, f\u00e9vrier 1996<\/td>\n<\/tr>\n<tr>\n<td valign=\"top\">Le Bot<\/td>\n<td valign=\"top\">Marc<\/td>\n<td valign=\"top\">Bigarrures<\/td>\n<td valign=\"top\">No 6-7, Soyons brefs, f\u00e9vrier 1993<\/td>\n<\/tr>\n<tr>\n<td valign=\"top\">L\u00e8bre<\/td>\n<td valign=\"top\">Jacques<\/td>\n<td valign=\"top\">Comme le vent traverse l&rsquo;arbre<\/td>\n<td valign=\"top\">No 6-7, Soyons brefs, f\u00e9vrier 1993<\/td>\n<\/tr>\n<tr>\n<td valign=\"top\">Lederrey<\/td>\n<td valign=\"top\">Pierre<\/td>\n<td valign=\"top\">Edgard Poe : le faits divers comme \u00e9nigme<\/td>\n<td valign=\"top\">No 4, Litt\u00e9rature et faits divers, d\u00e9cembre 1991<\/td>\n<\/tr>\n<tr>\n<td valign=\"top\">Leignel<\/td>\n<td valign=\"top\">Philippe<\/td>\n<td valign=\"top\">L&rsquo;Innombrable<\/td>\n<td valign=\"top\">No 16, Sans titre, juin 1999<\/td>\n<\/tr>\n<tr>\n<td valign=\"top\">Luscher<\/td>\n<td valign=\"top\">Camille<\/td>\n<td valign=\"top\">Questions de travail<\/td>\n<td valign=\"top\">No 40, Titre de travail, 2018<\/td>\n<\/tr>\n<tr>\n<td valign=\"top\">L\u00fcthi<\/td>\n<td valign=\"top\">Dave<\/td>\n<td valign=\"top\">La belle \u00e9poque du \u00ab\u00a0jardin lib\u00e9ral\u00a0\u00bb<\/td>\n<td valign=\"top\">No 31, La Ville en ce jardin, juillet 2009<\/td>\n<\/tr>\n<\/tbody>\n<\/table>\n","protected":false},"excerpt":{"rendered":"<p>Gaetzi Claudine Conte ordinaire No 30, Contes, d\u00e9cembre 2008 Gaetzi Claudine Jardin urbain No 31, La Ville en ce jardin, juillet 2009 Gallaz Christophe Ainsi rena\u00eetrons-nous au coeur&hellip;<\/p>\n","protected":false},"author":11,"featured_media":0,"parent":42,"menu_order":10,"comment_status":"closed","ping_status":"closed","template":"","meta":{"_seopress_robots_primary_cat":"","_seopress_titles_title":"","_seopress_titles_desc":"","_seopress_robots_index":"","footnotes":""},"class_list":["post-46","page","type-page","status-publish","has-post-thumbnail"],"_links":{"self":[{"href":"https:\/\/www.asso-unil.ch\/archipel\/wp-json\/wp\/v2\/pages\/46","targetHints":{"allow":["GET"]}}],"collection":[{"href":"https:\/\/www.asso-unil.ch\/archipel\/wp-json\/wp\/v2\/pages"}],"about":[{"href":"https:\/\/www.asso-unil.ch\/archipel\/wp-json\/wp\/v2\/types\/page"}],"author":[{"embeddable":true,"href":"https:\/\/www.asso-unil.ch\/archipel\/wp-json\/wp\/v2\/users\/11"}],"replies":[{"embeddable":true,"href":"https:\/\/www.asso-unil.ch\/archipel\/wp-json\/wp\/v2\/comments?post=46"}],"version-history":[{"count":0,"href":"https:\/\/www.asso-unil.ch\/archipel\/wp-json\/wp\/v2\/pages\/46\/revisions"}],"up":[{"embeddable":true,"href":"https:\/\/www.asso-unil.ch\/archipel\/wp-json\/wp\/v2\/pages\/42"}],"wp:attachment":[{"href":"https:\/\/www.asso-unil.ch\/archipel\/wp-json\/wp\/v2\/media?parent=46"}],"curies":[{"name":"wp","href":"https:\/\/api.w.org\/{rel}","templated":true}]}}