{"id":3435,"date":"2025-11-05T14:44:45","date_gmt":"2025-11-05T13:44:45","guid":{"rendered":"https:\/\/www.asso-unil.ch\/archipel\/?page_id=3435"},"modified":"2026-03-26T18:17:49","modified_gmt":"2026-03-26T17:17:49","slug":"les-comptes-rendus","status":"publish","type":"page","link":"https:\/\/www.asso-unil.ch\/archipel\/les-comptes-rendus\/","title":{"rendered":"Les comptes rendus"},"content":{"rendered":"\n<p>Chaque 7 du mois, les membres du comit\u00e9 publient le compte rendu d&rsquo;un ouvrage qu&rsquo;iels ont envie de vous faire d\u00e9couvrir.<\/p>\n\n\n\n<div class=\"wp-block-query is-layout-flow wp-block-query-is-layout-flow\"><ul class=\"wp-block-post-template is-layout-flow wp-block-post-template-is-layout-flow\"><li class=\"wp-block-post post-4389 post type-post status-publish format-standard has-post-thumbnail category-uncategorized category-compte-rendu\">\n\n<div class=\"wp-block-columns alignwide is-layout-flex wp-container-core-columns-is-layout-9d6595d7 wp-block-columns-is-layout-flex\">\n<div class=\"wp-block-column is-layout-flow wp-block-column-is-layout-flow\" style=\"flex-basis:66.66%\"><figure class=\"wp-block-post-featured-image\"><a href=\"https:\/\/www.asso-unil.ch\/archipel\/uncategorized\/tressaillements-genealogiques\/\" target=\"_self\"  ><img loading=\"lazy\" decoding=\"async\" width=\"732\" height=\"968\" src=\"https:\/\/www.asso-unil.ch\/archipel\/files\/2026\/03\/capture-decran-2026-03-30-a-09.36.52.png\" class=\"attachment-post-thumbnail size-post-thumbnail wp-post-image\" alt=\"Tressaillements g\u00e9n\u00e9alogiques\" style=\"object-fit:cover;\" srcset=\"https:\/\/www.asso-unil.ch\/archipel\/files\/2026\/03\/capture-decran-2026-03-30-a-09.36.52.png 732w, https:\/\/www.asso-unil.ch\/archipel\/files\/2026\/03\/capture-decran-2026-03-30-a-09.36.52-227x300.png 227w, https:\/\/www.asso-unil.ch\/archipel\/files\/2026\/03\/capture-decran-2026-03-30-a-09.36.52-540x714.png 540w\" sizes=\"auto, (max-width: 732px) 100vw, 732px\" \/><\/a><\/figure><\/div>\n\n\n\n<div class=\"wp-block-column is-layout-flow wp-block-column-is-layout-flow\" style=\"flex-basis:33.33%\"><h2 class=\"wp-block-post-title\"><a href=\"https:\/\/www.asso-unil.ch\/archipel\/uncategorized\/tressaillements-genealogiques\/\" target=\"_self\" >Tressaillements g\u00e9n\u00e9alogiques<\/a><\/h2>\n\n<div class=\"wp-block-post-excerpt\"><p class=\"wp-block-post-excerpt__excerpt\">Compte rendu de Marina Skalova, Le corps cille, Gen\u00e8ve, H\u00e9ros-Limite, 2025. Publi\u00e9 en 2025 dans la belle collection de po\u00e9sie des \u00c9ditions H\u00e9ros-Limite, Le corps cille est le&hellip; <\/p><\/div><\/div>\n<\/div>\n\n<\/li><li class=\"wp-block-post post-4173 post type-post status-publish format-standard has-post-thumbnail category-uncategorized category-compte-rendu\">\n\n<div class=\"wp-block-columns alignwide is-layout-flex wp-container-core-columns-is-layout-9d6595d7 wp-block-columns-is-layout-flex\">\n<div class=\"wp-block-column is-layout-flow wp-block-column-is-layout-flow\" style=\"flex-basis:66.66%\"><figure class=\"wp-block-post-featured-image\"><a href=\"https:\/\/www.asso-unil.ch\/archipel\/uncategorized\/des-jeunes-filles-a-lombre\/\" target=\"_self\"  ><img loading=\"lazy\" decoding=\"async\" width=\"718\" height=\"1130\" src=\"https:\/\/www.asso-unil.ch\/archipel\/files\/2026\/03\/capture-decran-2026-03-02-a-17.41.23.png\" class=\"attachment-post-thumbnail size-post-thumbnail wp-post-image\" alt=\"Des jeunes filles \u00e0 l\u2019ombre\" style=\"object-fit:cover;\" srcset=\"https:\/\/www.asso-unil.ch\/archipel\/files\/2026\/03\/capture-decran-2026-03-02-a-17.41.23.png 718w, https:\/\/www.asso-unil.ch\/archipel\/files\/2026\/03\/capture-decran-2026-03-02-a-17.41.23-191x300.png 191w, https:\/\/www.asso-unil.ch\/archipel\/files\/2026\/03\/capture-decran-2026-03-02-a-17.41.23-651x1024.png 651w, https:\/\/www.asso-unil.ch\/archipel\/files\/2026\/03\/capture-decran-2026-03-02-a-17.41.23-540x850.png 540w\" sizes=\"auto, (max-width: 718px) 100vw, 718px\" \/><\/a><\/figure><\/div>\n\n\n\n<div class=\"wp-block-column is-layout-flow wp-block-column-is-layout-flow\" style=\"flex-basis:33.33%\"><h2 class=\"wp-block-post-title\"><a href=\"https:\/\/www.asso-unil.ch\/archipel\/uncategorized\/des-jeunes-filles-a-lombre\/\" target=\"_self\" >Des jeunes filles \u00e0 l\u2019ombre<\/a><\/h2>\n\n<div class=\"wp-block-post-excerpt\"><p class=\"wp-block-post-excerpt__excerpt\">Compte rendu de Fleur Jaeggy, Les ann\u00e9es bienheureuses du ch\u00e2timent, Ch\u00eanes-Bourg, Zo\u00e9 poche, 2026 [1992]. Commen\u00e7ons ce compte-rendu par un petit d\u00e9tour personnel. Ma curiosit\u00e9 \u00e0 l\u2019\u00e9gard de&hellip; <\/p><\/div><\/div>\n<\/div>\n\n<\/li><li class=\"wp-block-post post-3883 post type-post status-publish format-standard has-post-thumbnail category-uncategorized category-compte-rendu\">\n\n<div class=\"wp-block-columns alignwide is-layout-flex wp-container-core-columns-is-layout-9d6595d7 wp-block-columns-is-layout-flex\">\n<div class=\"wp-block-column is-layout-flow wp-block-column-is-layout-flow\" style=\"flex-basis:66.66%\"><figure class=\"wp-block-post-featured-image\"><a href=\"https:\/\/www.asso-unil.ch\/archipel\/uncategorized\/en-finir-avec-lautodestruction\/\" target=\"_self\"  ><img loading=\"lazy\" decoding=\"async\" width=\"816\" height=\"1200\" src=\"https:\/\/www.asso-unil.ch\/archipel\/files\/2026\/01\/capture-decran-2026-02-10-a-10.52.50.png\" class=\"attachment-post-thumbnail size-post-thumbnail wp-post-image\" alt=\"En finir avec l\u2019autodestruction\" style=\"object-fit:cover;\" srcset=\"https:\/\/www.asso-unil.ch\/archipel\/files\/2026\/01\/capture-decran-2026-02-10-a-10.52.50.png 816w, https:\/\/www.asso-unil.ch\/archipel\/files\/2026\/01\/capture-decran-2026-02-10-a-10.52.50-204x300.png 204w, https:\/\/www.asso-unil.ch\/archipel\/files\/2026\/01\/capture-decran-2026-02-10-a-10.52.50-696x1024.png 696w, https:\/\/www.asso-unil.ch\/archipel\/files\/2026\/01\/capture-decran-2026-02-10-a-10.52.50-768x1129.png 768w, https:\/\/www.asso-unil.ch\/archipel\/files\/2026\/01\/capture-decran-2026-02-10-a-10.52.50-540x794.png 540w\" sizes=\"auto, (max-width: 816px) 100vw, 816px\" \/><\/a><\/figure><\/div>\n\n\n\n<div class=\"wp-block-column is-layout-flow wp-block-column-is-layout-flow\" style=\"flex-basis:33.33%\"><h2 class=\"wp-block-post-title\"><a href=\"https:\/\/www.asso-unil.ch\/archipel\/uncategorized\/en-finir-avec-lautodestruction\/\" target=\"_self\" >En finir avec l\u2019autodestruction<\/a><\/h2>\n\n<div class=\"wp-block-post-excerpt\"><p class=\"wp-block-post-excerpt__excerpt\">Compte rendu de Louis Achille, J\u2019aurais voulu \u00eatre douze serpents, Gen\u00e8ve, Cousu mouche, 2025, 171 p. J\u2019aurais voulu \u00eatre douze serpents (2025) raconte la qu\u00eate d\u2019identit\u00e9 personnelle et&hellip; <\/p><\/div><\/div>\n<\/div>\n\n<\/li><\/ul><\/div>\n","protected":false},"excerpt":{"rendered":"<p>Chaque 7 du mois, les membres du comit\u00e9 publient le compte rendu d&rsquo;un ouvrage qu&rsquo;iels ont envie de vous faire d\u00e9couvrir.<\/p>\n","protected":false},"author":1001319,"featured_media":4330,"parent":0,"menu_order":0,"comment_status":"closed","ping_status":"closed","template":"template-full-width-cover.php","meta":{"_seopress_robots_primary_cat":"","_seopress_titles_title":"","_seopress_titles_desc":"","_seopress_robots_index":"","footnotes":""},"class_list":["post-3435","page","type-page","status-publish","has-post-thumbnail"],"_links":{"self":[{"href":"https:\/\/www.asso-unil.ch\/archipel\/wp-json\/wp\/v2\/pages\/3435","targetHints":{"allow":["GET"]}}],"collection":[{"href":"https:\/\/www.asso-unil.ch\/archipel\/wp-json\/wp\/v2\/pages"}],"about":[{"href":"https:\/\/www.asso-unil.ch\/archipel\/wp-json\/wp\/v2\/types\/page"}],"author":[{"embeddable":true,"href":"https:\/\/www.asso-unil.ch\/archipel\/wp-json\/wp\/v2\/users\/1001319"}],"replies":[{"embeddable":true,"href":"https:\/\/www.asso-unil.ch\/archipel\/wp-json\/wp\/v2\/comments?post=3435"}],"version-history":[{"count":5,"href":"https:\/\/www.asso-unil.ch\/archipel\/wp-json\/wp\/v2\/pages\/3435\/revisions"}],"predecessor-version":[{"id":3523,"href":"https:\/\/www.asso-unil.ch\/archipel\/wp-json\/wp\/v2\/pages\/3435\/revisions\/3523"}],"wp:featuredmedia":[{"embeddable":true,"href":"https:\/\/www.asso-unil.ch\/archipel\/wp-json\/wp\/v2\/media\/4330"}],"wp:attachment":[{"href":"https:\/\/www.asso-unil.ch\/archipel\/wp-json\/wp\/v2\/media?parent=3435"}],"curies":[{"name":"wp","href":"https:\/\/api.w.org\/{rel}","templated":true}]}}