{"id":1028,"date":"2025-02-18T13:23:26","date_gmt":"2025-02-18T12:23:26","guid":{"rendered":"https:\/\/www.asso-unil.ch\/archipel\/?page_id=1028"},"modified":"2025-02-18T13:27:44","modified_gmt":"2025-02-18T12:27:44","slug":"lire-le-complot","status":"publish","type":"page","link":"https:\/\/www.asso-unil.ch\/archipel\/lire-le-complot\/","title":{"rendered":"Roue libre"},"content":{"rendered":"\n<p class=\"has-medium-font-size\">Archipel 44 \u2013 2022<\/p>\n\n\n\n<p><em>Je crois que l\u2019automobile est aujourd\u2019hui l\u2019\u00e9quivalent assez exact des grandes cath\u00e9drales gothiques : je veux dire une grande cr\u00e9ation d\u2019\u00e9poque, con\u00e7ue passionn\u00e9ment par des artistes inconnus, consomm\u00e9e dans son image, sinon dans son usage, par un peuple entier qui s\u2019approprie en elle un objet parfaitement magique.<\/em><\/p>\n\n\n\n<p>Roland Barthes,&nbsp;<em>Mythologies<\/em>, 1957<\/p>\n\n\n\n<p>Il n\u2019est pas anodin que Roland Barthes situe la voiture parmi les \u00ab&nbsp;mythologies&nbsp;\u00bb qu\u2019il s\u2019efforce de d\u00e9crire dans son c\u00e9l\u00e8bre ouvrage au titre \u00e9vocateur. Symbole de la modernit\u00e9, mais \u00e9galement d\u2019ind\u00e9pendance, elle occupe une place centrale dans la soci\u00e9t\u00e9 occidentale depuis plus d\u2019un si\u00e8cle et constitue \u00e9galement un imaginaire f\u00e9cond pour des artistes de tous bords \u2013 notamment des \u00e9crivains et \u00e9crivaines, de Marcel Proust faisant de v\u00e9hicules motoris\u00e9s des d\u00e9clencheurs du souvenir dans la&nbsp;<em>Recherche du temps perdu&nbsp;<\/em>\u00e0 Jack Kerouac et ses contemporains de la&nbsp;<em>beat generation<\/em>, fascin\u00e9s par le r\u00e9seau routier \u00e9tasunien.<\/p>\n\n\n\n<p>Toutefois, au c\u0153ur d\u2019une \u00e9poque marqu\u00e9e par le r\u00e9chauffement climatique, les effets d\u00e9vastateurs des gaz \u00e0 effet de serre et la multiplication des catastrophes \u00e9cologiques, il pourrait sembler hypocrite, contre-productif, voire dangereusement inconscient de mettre l\u2019automobile \u00e0 l\u2019honneur, comme se propose de le faire le Cahier th\u00e9matique de ce 44<sup>e<\/sup>&nbsp;num\u00e9ro d\u2019<em>Archipel<\/em>.&nbsp;<\/p>\n\n\n\n<p>C\u2019est toutefois le risque qu\u2019a souhait\u00e9 prendre le comit\u00e9 de r\u00e9daction de la revue, convaincu que ce motif \u00e9minemment litt\u00e9raire stimulerait l\u2019imagination des auteurs et autrices qui r\u00e9pondraient \u00e0 l\u2019appel et leur offrirait la possibilit\u00e9 de s\u2019exprimer sans sombrer dans l\u2019apologie des v\u00e9hicules rutilants et polluants. Le pari s\u2019est av\u00e9r\u00e9 gagnant, comme en t\u00e9moignent les quatre textes de fiction qui ouvrent ce volume, tous marqu\u00e9s par des questionnements sociologiques ou \u00e9cologiques.<\/p>\n\n\n\n<p>Archipel 44, publi\u00e9 avec le soutien de la Section de fran\u00e7ais de la facult\u00e9 des Lettres de l\u2019Universit\u00e9 de Lausanne, comprend 11 textes in\u00e9dits entre critique et fiction, et fait se rencontrer des publications de chercheur\u00b7euse\u00b7s et \u00e9crivain\u00b7e\u00b7s confirm\u00e9\u00b7e\u00b7s et d\u00e9butant\u00b7e\u00b7s, dans la tradition de la revue.<\/p>\n\n\n\n<p><strong>SOMMAIRE<\/strong><\/p>\n\n\n\n<p>Avant-propos<\/p>\n\n\n\n<p><strong>Le Cahier<\/strong><\/p>\n\n\n\n<p>Fanny Desarzens \/ Main d\u2019oeuvre<\/p>\n\n\n\n<p>Marc Desplos \/ Filiations<\/p>\n\n\n\n<p>Andr\u00e9 Ourednik \/ Masse critique<\/p>\n\n\n\n<p>Louis Achille \/ Mes souvenirs sont gris m\u00e9talliques<\/p>\n\n\n\n<p>Alain Freudinger \/ \u00c9prouver la voiture<\/p>\n\n\n\n<p>Julia Cela&nbsp;<em>feat.&nbsp;<\/em>Jos\u00e9phine Vodoz \/ \u00ab&nbsp;J\u2019suis dans la Benzo, t\u2019es dans l\u2019anonymat&nbsp;\u00bb : valeurs textuelles de l\u2019automobile dans le rap francophone contemporain<\/p>\n\n\n\n<p>No\u00e9 Maggetti et Ami Lou Parsons \/ De la route \u00e0 l\u2019\u00e9cran. Le&nbsp;<em>road movie,&nbsp;<\/em>entre conformisme et r\u00e9bellion<\/p>\n\n\n\n<p><strong>Poursuite<\/strong><\/p>\n\n\n\n<p>Alice Bottarelli \/ Nathalie [en pr\u00e9cipit\u00e9]<\/p>\n\n\n\n<p><strong>La Sorge<\/strong><\/p>\n\n\n\n<p>Numa Francillon \/ Le vieux<\/p>\n\n\n\n<p>Alice Bottarelli \/ Dieu s\u2019amuse<\/p>\n\n\n\n<p>Matteo Salvadore \/ Celui qui ne dormait pas<\/p>\n","protected":false},"excerpt":{"rendered":"<p>Archipel 44 \u2013 2022 Je crois que l\u2019automobile est aujourd\u2019hui l\u2019\u00e9quivalent assez exact des grandes cath\u00e9drales gothiques : je veux dire une grande cr\u00e9ation d\u2019\u00e9poque, con\u00e7ue passionn\u00e9ment par&hellip;<\/p>\n","protected":false},"author":1001296,"featured_media":0,"parent":0,"menu_order":0,"comment_status":"closed","ping_status":"closed","template":"","meta":{"_seopress_robots_primary_cat":"","_seopress_titles_title":"","_seopress_titles_desc":"","_seopress_robots_index":"","footnotes":""},"class_list":["post-1028","page","type-page","status-publish","has-post-thumbnail"],"_links":{"self":[{"href":"https:\/\/www.asso-unil.ch\/archipel\/wp-json\/wp\/v2\/pages\/1028","targetHints":{"allow":["GET"]}}],"collection":[{"href":"https:\/\/www.asso-unil.ch\/archipel\/wp-json\/wp\/v2\/pages"}],"about":[{"href":"https:\/\/www.asso-unil.ch\/archipel\/wp-json\/wp\/v2\/types\/page"}],"author":[{"embeddable":true,"href":"https:\/\/www.asso-unil.ch\/archipel\/wp-json\/wp\/v2\/users\/1001296"}],"replies":[{"embeddable":true,"href":"https:\/\/www.asso-unil.ch\/archipel\/wp-json\/wp\/v2\/comments?post=1028"}],"version-history":[{"count":4,"href":"https:\/\/www.asso-unil.ch\/archipel\/wp-json\/wp\/v2\/pages\/1028\/revisions"}],"predecessor-version":[{"id":1036,"href":"https:\/\/www.asso-unil.ch\/archipel\/wp-json\/wp\/v2\/pages\/1028\/revisions\/1036"}],"wp:attachment":[{"href":"https:\/\/www.asso-unil.ch\/archipel\/wp-json\/wp\/v2\/media?parent=1028"}],"curies":[{"name":"wp","href":"https:\/\/api.w.org\/{rel}","templated":true}]}}